CRAN Package Check Results for Package ECLRMC

Last updated on 2021-09-26 01:49:50 CEST.

Flavor Version Tinstall Tcheck Ttotal Status Flags
r-devel-linux-x86_64-debian-clang 1.0 7.06 60.38 67.44 NOTE
r-devel-linux-x86_64-debian-gcc 1.0 6.01 46.75 52.76 NOTE
r-devel-linux-x86_64-fedora-clang 1.0 92.28 NOTE
r-devel-linux-x86_64-fedora-gcc 1.0 78.72 NOTE
r-devel-windows-x86_64 1.0 9.00 59.00 68.00 NOTE
r-devel-windows-x86_64-gcc10-UCRT 1.0 NOTE
r-patched-linux-x86_64 1.0 5.97 58.22 64.19 NOTE
r-patched-solaris-x86 1.0 120.20 NOTE
r-release-linux-x86_64 1.0 6.48 58.75 65.23 NOTE
r-release-macos-arm64 1.0 NOTE
r-release-macos-x86_64 1.0 NOTE
r-release-windows-ix86+x86_64 1.0 18.00 78.00 96.00 NOTE
r-oldrel-macos-x86_64 1.0 OK
r-oldrel-windows-ix86+x86_64 1.0 12.00 59.00 71.00 OK

Check Details

Version: 1.0
Check: LazyData
Result: NOTE
     'LazyData' is specified without a 'data' directory
Flavors: r-devel-linux-x86_64-debian-clang, r-devel-linux-x86_64-debian-gcc, r-devel-linux-x86_64-fedora-clang, r-devel-linux-x86_64-fedora-gcc, r-devel-windows-x86_64, r-devel-windows-x86_64-gcc10-UCRT, r-patched-linux-x86_64, r-patched-solaris-x86, r-release-linux-x86_64, r-release-macos-arm64, r-release-macos-x86_64, r-release-windows-ix86+x86_64