CRAN Package Check Results for Package ECOSolveR

Last updated on 2020-08-08 02:02:59 CEST.

Flavor Version Tinstall Tcheck Ttotal Status Flags
r-devel-linux-x86_64-debian-clang 0.5.3 15.54 34.46 50.00 NOTE
r-devel-linux-x86_64-debian-gcc 0.5.3 10.01 26.97 36.98 NOTE
r-devel-linux-x86_64-fedora-clang 0.5.3 75.94 NOTE
r-devel-linux-x86_64-fedora-gcc 0.5.3 57.52 NOTE
r-devel-windows-ix86+x86_64 0.5.3 80.00 63.00 143.00 NOTE
r-patched-linux-x86_64 0.5.3 10.77 34.66 45.43 NOTE
r-patched-solaris-x86 0.5.3 96.20 NOTE
r-release-linux-x86_64 0.5.3 11.65 33.73 45.38 NOTE
r-release-macos-x86_64 0.5.3 NOTE
r-release-windows-ix86+x86_64 0.5.3 79.00 87.00 166.00 NOTE
r-oldrel-macos-x86_64 0.5.3 NOTE
r-oldrel-windows-ix86+x86_64 0.5.3 54.00 62.00 116.00 NOTE

Check Details

Version: 0.5.3
Check: for GNU extensions in Makefiles
Result: NOTE
    GNU make is a SystemRequirements.
Flavors: r-devel-linux-x86_64-debian-clang, r-devel-linux-x86_64-debian-gcc, r-devel-linux-x86_64-fedora-clang, r-devel-linux-x86_64-fedora-gcc, r-devel-windows-ix86+x86_64, r-patched-linux-x86_64, r-patched-solaris-x86, r-release-linux-x86_64, r-release-macos-x86_64, r-release-windows-ix86+x86_64, r-oldrel-macos-x86_64, r-oldrel-windows-ix86+x86_64