CRAN Package Check Results for Package ECOSolveR

Last updated on 2020-01-17 00:49:23 CET.

Flavor Version Tinstall Tcheck Ttotal Status Flags
r-devel-linux-x86_64-debian-clang 0.5.3 15.44 33.92 49.36 NOTE
r-devel-linux-x86_64-debian-gcc 0.5.3 9.24 26.59 35.83 NOTE
r-devel-linux-x86_64-fedora-clang 0.5.3 63.51 NOTE
r-devel-linux-x86_64-fedora-gcc 0.5.3 57.97 NOTE
r-devel-windows-ix86+x86_64 0.5.3 138.00 90.00 228.00 NOTE
r-devel-windows-ix86+x86_64-gcc8 0.5.3 59.00 68.00 127.00 NOTE
r-patched-linux-x86_64 0.5.3 10.24 30.81 41.05 NOTE
r-patched-solaris-x86 0.5.3 89.80 NOTE
r-release-linux-x86_64 0.5.3 9.92 31.19 41.11 NOTE
r-release-windows-ix86+x86_64 0.5.3 92.00 79.00 171.00 NOTE
r-release-osx-x86_64 0.5.3 NOTE
r-oldrel-windows-ix86+x86_64 0.5.3 160.00 63.00 223.00 NOTE
r-oldrel-osx-x86_64 0.5.3 NOTE

Check Details

Version: 0.5.3
Check: for GNU extensions in Makefiles
Result: NOTE
    GNU make is a SystemRequirements.
Flavors: r-devel-linux-x86_64-debian-clang, r-devel-linux-x86_64-debian-gcc, r-devel-linux-x86_64-fedora-clang, r-devel-linux-x86_64-fedora-gcc, r-devel-windows-ix86+x86_64, r-devel-windows-ix86+x86_64-gcc8, r-patched-linux-x86_64, r-patched-solaris-x86, r-release-linux-x86_64, r-release-windows-ix86+x86_64, r-release-osx-x86_64, r-oldrel-windows-ix86+x86_64, r-oldrel-osx-x86_64