CRAN Package Check Results for Package ECTTDNN

Last updated on 2021-08-01 01:51:43 CEST.

Flavor Version Tinstall Tcheck Ttotal Status Flags
r-devel-linux-x86_64-debian-clang 0.1.0 6.66 67.72 74.38 NOTE
r-devel-linux-x86_64-debian-gcc 0.1.0 5.24 50.44 55.68 NOTE
r-devel-linux-x86_64-fedora-clang 0.1.0 94.42 NOTE
r-devel-linux-x86_64-fedora-gcc 0.1.0 84.13 NOTE
r-devel-windows-x86_64 0.1.0 9.00 88.00 97.00 NOTE
r-devel-windows-x86_64-gcc10-UCRT 0.1.0 NOTE
r-patched-linux-x86_64 0.1.0 NOTE
r-patched-solaris-x86 0.1.0 124.50 NOTE
r-release-linux-x86_64 0.1.0 5.82 62.04 67.86 NOTE
r-release-macos-arm64 0.1.0 NOTE
r-release-macos-x86_64 0.1.0 NOTE
r-release-windows-ix86+x86_64 0.1.0 17.00 65.00 82.00 NOTE
r-oldrel-macos-x86_64 0.1.0 OK
r-oldrel-windows-ix86+x86_64 0.1.0 15.00 88.00 103.00 OK

Check Details

Version: 0.1.0
Check: LazyData
Result: NOTE
     'LazyData' is specified without a 'data' directory
Flavors: r-devel-linux-x86_64-debian-clang, r-devel-linux-x86_64-debian-gcc, r-devel-linux-x86_64-fedora-clang, r-devel-linux-x86_64-fedora-gcc, r-devel-windows-x86_64, r-devel-windows-x86_64-gcc10-UCRT, r-patched-linux-x86_64, r-patched-solaris-x86, r-release-linux-x86_64, r-release-macos-arm64, r-release-macos-x86_64, r-release-windows-ix86+x86_64