CRAN Package Check Results for Package ECTTDNN

Last updated on 2023-12-05 07:48:30 CET.

Flavor Version Tinstall Tcheck Ttotal Status Flags
r-devel-linux-x86_64-debian-clang 0.1.0 8.27 68.59 76.86 NOTE
r-devel-linux-x86_64-debian-gcc 0.1.0 5.71 50.75 56.46 NOTE
r-devel-linux-x86_64-fedora-clang 0.1.0 90.55 NOTE
r-devel-linux-x86_64-fedora-gcc 0.1.0 97.84 NOTE
r-devel-windows-x86_64 0.1.0 8.00 65.00 73.00 NOTE
r-patched-linux-x86_64 0.1.0 6.44 64.65 71.09 NOTE
r-release-linux-x86_64 0.1.0 6.09 64.05 70.14 NOTE
r-release-macos-arm64 0.1.0 33.00 NOTE
r-release-macos-x86_64 0.1.0 47.00 NOTE
r-release-windows-x86_64 0.1.0 11.00 77.00 88.00 NOTE
r-oldrel-macos-arm64 0.1.0 29.00 NOTE
r-oldrel-macos-x86_64 0.1.0 58.00 NOTE
r-oldrel-windows-x86_64 0.1.0 10.00 82.00 92.00 NOTE

Check Details

Version: 0.1.0
Check: LazyData
Result: NOTE 'LazyData' is specified without a 'data' directory Flavors: r-devel-linux-x86_64-debian-clang, r-devel-linux-x86_64-debian-gcc, r-devel-linux-x86_64-fedora-clang, r-devel-linux-x86_64-fedora-gcc, r-devel-windows-x86_64, r-patched-linux-x86_64, r-release-linux-x86_64, r-release-macos-arm64, r-release-macos-x86_64, r-release-windows-x86_64, r-oldrel-macos-arm64, r-oldrel-macos-x86_64, r-oldrel-windows-x86_64