Last updated on 2023-02-06 00:52:27 CET.
Flavor | Version | Tinstall | Tcheck | Ttotal | Status | Flags |
---|---|---|---|---|---|---|
r-devel-linux-x86_64-debian-clang | 0.3.0 | 3.04 | 52.07 | 55.11 | NOTE | |
r-devel-linux-x86_64-debian-gcc | 0.3.0 | 2.25 | 38.15 | 40.40 | NOTE | |
r-devel-linux-x86_64-fedora-clang | 0.3.0 | 71.46 | NOTE | |||
r-devel-linux-x86_64-fedora-gcc | 0.3.0 | 66.15 | NOTE | |||
r-devel-windows-x86_64 | 0.3.0 | 6.00 | 79.00 | 85.00 | NOTE | |
r-patched-linux-x86_64 | 0.3.0 | 2.53 | 49.51 | 52.04 | NOTE | |
r-release-linux-x86_64 | 0.3.0 | 2.49 | 48.27 | 50.76 | NOTE | |
r-release-macos-arm64 | 0.3.0 | 20.00 | NOTE | |||
r-release-macos-x86_64 | 0.3.0 | 31.00 | NOTE | |||
r-release-windows-x86_64 | 0.3.0 | 24.00 | 85.00 | 109.00 | NOTE | |
r-oldrel-macos-arm64 | 0.3.0 | 26.00 | NOTE | |||
r-oldrel-macos-x86_64 | 0.3.0 | 39.00 | NOTE | |||
r-oldrel-windows-ix86+x86_64 | 0.3.0 | 7.00 | 76.00 | 83.00 | NOTE |
Version: 0.3.0
Check: LazyData
Result: NOTE
'LazyData' is specified without a 'data' directory
Flavors: r-devel-linux-x86_64-debian-clang, r-devel-linux-x86_64-debian-gcc, r-devel-linux-x86_64-fedora-clang, r-devel-linux-x86_64-fedora-gcc, r-devel-windows-x86_64, r-patched-linux-x86_64, r-release-linux-x86_64, r-release-macos-arm64, r-release-macos-x86_64, r-release-windows-x86_64, r-oldrel-macos-arm64, r-oldrel-macos-x86_64, r-oldrel-windows-ix86+x86_64