CRAN Package Check Results for Package EDMeasure

Last updated on 2024-07-12 06:53:05 CEST.

Flavor Version Tinstall Tcheck Ttotal Status Flags
r-devel-linux-x86_64-debian-clang 1.2.0 8.60 42.34 50.94 NOTE
r-devel-linux-x86_64-debian-gcc 1.2.0 5.85 31.16 37.01 NOTE
r-devel-linux-x86_64-fedora-clang 1.2.0 63.46 NOTE
r-devel-linux-x86_64-fedora-gcc 1.2.0 57.63 NOTE
r-devel-windows-x86_64 1.2.0 10.00 54.00 64.00 NOTE
r-patched-linux-x86_64 1.2.0 8.10 40.62 48.72 NOTE
r-release-linux-x86_64 1.2.0 6.75 39.90 46.65 NOTE
r-release-macos-arm64 1.2.0 23.00 NOTE
r-release-macos-x86_64 1.2.0 36.00 NOTE
r-release-windows-x86_64 1.2.0 11.00 56.00 67.00 NOTE
r-oldrel-macos-arm64 1.2.0 23.00 NOTE
r-oldrel-macos-x86_64 1.2.0 32.00 NOTE
r-oldrel-windows-x86_64 1.2.0 12.00 61.00 73.00 NOTE

Check Details

Version: 1.2.0
Check: LazyData
Result: NOTE 'LazyData' is specified without a 'data' directory Flavors: r-devel-linux-x86_64-debian-clang, r-devel-linux-x86_64-debian-gcc, r-devel-linux-x86_64-fedora-clang, r-devel-linux-x86_64-fedora-gcc, r-devel-windows-x86_64, r-patched-linux-x86_64, r-release-linux-x86_64, r-release-macos-arm64, r-release-macos-x86_64, r-release-windows-x86_64, r-oldrel-macos-arm64, r-oldrel-macos-x86_64, r-oldrel-windows-x86_64