Last updated on 2023-05-30 08:02:16 CEST.
Flavor | Version | Tinstall | Tcheck | Ttotal | Status | Flags |
---|---|---|---|---|---|---|
r-devel-linux-x86_64-debian-clang | 1.1.4 | 8.18 | 107.62 | 115.80 | OK | |
r-devel-linux-x86_64-debian-gcc | 1.1.4 | 6.41 | 83.38 | 89.79 | OK | |
r-devel-linux-x86_64-fedora-clang | 1.1.4 | 140.54 | NOTE | |||
r-devel-linux-x86_64-fedora-gcc | 1.1.4 | 148.33 | OK | |||
r-devel-windows-x86_64 | 1.1.4 | 9.00 | 114.00 | 123.00 | NOTE | |
r-patched-linux-x86_64 | 1.1.4 | 8.09 | 104.36 | 112.45 | OK | |
r-release-linux-x86_64 | 1.1.4 | 8.46 | 104.54 | 113.00 | OK | |
r-release-macos-arm64 | 1.1.4 | 65.00 | NOTE | |||
r-release-macos-x86_64 | 1.1.4 | 93.00 | NOTE | |||
r-release-windows-x86_64 | 1.1.4 | 11.00 | 136.00 | 147.00 | NOTE | |
r-oldrel-macos-arm64 | 1.1.4 | 61.00 | NOTE | |||
r-oldrel-macos-x86_64 | 1.1.4 | 83.00 | NOTE | |||
r-oldrel-windows-x86_64 | 1.1.4 | 12.00 | 143.00 | 155.00 | NOTE |
Version: 1.1.4
Check: installed package size
Result: NOTE
installed size is 11.5Mb
sub-directories of 1Mb or more:
doc 6.1Mb
extdata 5.1Mb
Flavors: r-devel-linux-x86_64-fedora-clang, r-devel-windows-x86_64, r-release-macos-arm64, r-release-macos-x86_64, r-release-windows-x86_64, r-oldrel-macos-arm64, r-oldrel-macos-x86_64, r-oldrel-windows-x86_64