CRAN Package Check Results for Package EIX

Last updated on 2024-06-13 06:58:00 CEST.

Flavor Version Tinstall Tcheck Ttotal Status Flags
r-devel-linux-x86_64-debian-clang 1.2.0 16.62 208.28 224.90 OK
r-devel-linux-x86_64-debian-gcc 1.2.0 0.39 1.71 2.10 ERROR
r-devel-linux-x86_64-fedora-clang 1.2.0 295.07 OK
r-devel-linux-x86_64-fedora-gcc 1.2.0 282.55 OK
r-devel-windows-x86_64 1.2.0 12.00 155.00 167.00 OK
r-patched-linux-x86_64 1.2.0 13.41 213.97 227.38 OK
r-release-linux-x86_64 1.2.0 8.97 212.36 221.33 OK
r-release-macos-arm64 1.2.0 66.00 OK
r-release-macos-x86_64 1.2.0 120.00 OK
r-release-windows-x86_64 1.2.0 15.00 147.00 162.00 ERROR
r-oldrel-macos-arm64 1.2.0 75.00 OK
r-oldrel-macos-x86_64 1.2.0 140.00 OK
r-oldrel-windows-x86_64 1.2.0 18.00 208.00 226.00 OK

Check Details

Version: 1.2.0
Check: package dependencies
Result: ERROR Packages required but not available: 'ggplot2', 'purrr', 'DALEX', 'ggrepel', 'ggiraphExtra', 'iBreakDown', 'tidyr' See section ‘The DESCRIPTION file’ in the ‘Writing R Extensions’ manual. Flavor: r-devel-linux-x86_64-debian-gcc

Version: 1.2.0
Check: re-building of vignette outputs
Result: ERROR Error(s) in re-building vignettes: --- re-building 'EIX.Rmd' using rmarkdown Warning: ggrepel: 3 unlabeled data points (too many overlaps). Consider increasing max.overlaps --- finished re-building 'EIX.Rmd' --- re-building 'titanic_data.Rmd' using rmarkdown Error: processing vignette 'titanic_data.Rmd' failed with diagnostics: 'CreateProcess' failed to run 'C:\PROGRA~1\Pandoc\pandoc.exe --version' --- failed re-building 'titanic_data.Rmd' SUMMARY: processing the following file failed: 'titanic_data.Rmd' Error: Vignette re-building failed. Execution halted Flavor: r-release-windows-x86_64