CRAN Package Check Results for Package EML

Last updated on 2020-07-06 01:54:01 CEST.

Flavor Version Tinstall Tcheck Ttotal Status Flags
r-devel-linux-x86_64-debian-clang 2.0.2 11.51 106.06 117.57 WARN
r-devel-linux-x86_64-debian-gcc 2.0.2 9.12 80.51 89.63 OK
r-devel-linux-x86_64-fedora-clang 2.0.2 122.12 OK
r-devel-linux-x86_64-fedora-gcc 2.0.2 111.01 OK
r-devel-windows-ix86+x86_64 2.0.2 31.00 103.00 134.00 WARN --no-vignettes
r-patched-linux-x86_64 2.0.2 11.70 103.25 114.95 OK
r-patched-solaris-x86 2.0.2 149.30 OK
r-release-linux-x86_64 2.0.2 11.48 103.61 115.09 OK
r-release-osx-x86_64 2.0.2 OK
r-release-windows-ix86+x86_64 2.0.2 22.00 100.00 122.00 WARN --no-vignettes
r-oldrel-osx-x86_64 2.0.2 NOTE
r-oldrel-windows-ix86+x86_64 2.0.2 32.00 154.00 186.00 WARN --no-vignettes

Check Details

Version: 2.0.2
Check: whether package can be installed
Result: WARN
    Found the following significant warnings:
     Warning: namespace 'EML' is not available and has been replaced
Flavor: r-devel-linux-x86_64-debian-clang

Version: 2.0.2
Flags: --no-vignettes
Check: whether package can be installed
Result: WARN
    Found the following significant warnings:
     Warning: namespace 'EML' is not available and has been replaced
Flavors: r-devel-windows-ix86+x86_64, r-release-windows-ix86+x86_64, r-oldrel-windows-ix86+x86_64

Version: 2.0.2
Check: package dependencies
Result: NOTE
    Package suggested but not available for checking: ‘taxadb’
Flavor: r-oldrel-osx-x86_64