CRAN Package Check Results for Package EMMIXgene

Last updated on 2020-07-13 01:48:43 CEST.

Flavor Version Tinstall Tcheck Ttotal Status Flags
r-devel-linux-x86_64-debian-clang 0.1.3 64.39 72.32 136.71 OK
r-devel-linux-x86_64-debian-gcc 0.1.3 47.73 54.68 102.41 OK
r-devel-linux-x86_64-fedora-clang 0.1.3 185.74 NOTE
r-devel-linux-x86_64-fedora-gcc 0.1.3 177.58 OK
r-devel-windows-ix86+x86_64 0.1.3 126.00 161.00 287.00 NOTE
r-patched-linux-x86_64 0.1.3 51.44 72.38 123.82 OK
r-patched-solaris-x86 0.1.3 186.40 OK
r-release-linux-x86_64 0.1.3 51.12 72.40 123.52 OK
r-release-macos-x86_64 0.1.3 NOTE
r-release-windows-ix86+x86_64 0.1.3 166.00 176.00 342.00 NOTE
r-oldrel-macos-x86_64 0.1.3 NOTE
r-oldrel-windows-ix86+x86_64 0.1.3 148.00 132.00 280.00 OK

Check Details

Version: 0.1.3
Check: installed package size
Result: NOTE
     installed size is 6.9Mb
     sub-directories of 1Mb or more:
     data 2.0Mb
     libs 4.1Mb
Flavors: r-devel-linux-x86_64-fedora-clang, r-devel-windows-ix86+x86_64, r-release-macos-x86_64, r-release-windows-ix86+x86_64, r-oldrel-macos-x86_64