Last updated on 2019-12-16 00:48:53 CET.
Flavor | Version | Tinstall | Tcheck | Ttotal | Status | Flags |
---|---|---|---|---|---|---|
r-devel-linux-x86_64-debian-clang | 0.1.1 | 54.54 | 68.56 | 123.10 | WARN | |
r-devel-linux-x86_64-debian-gcc | 0.1.1 | 39.66 | 51.83 | 91.49 | WARN | |
r-devel-linux-x86_64-fedora-clang | 0.1.1 | 168.45 | WARN | |||
r-devel-linux-x86_64-fedora-gcc | 0.1.1 | 162.71 | WARN | |||
r-devel-windows-ix86+x86_64 | 0.1.1 | 102.00 | 125.00 | 227.00 | WARN | |
r-devel-windows-ix86+x86_64-gcc8 | 0.1.1 | 118.00 | 179.00 | 297.00 | WARN | |
r-patched-linux-x86_64 | 0.1.1 | 44.59 | 64.67 | 109.26 | OK | |
r-patched-solaris-x86 | 0.1.1 | 183.20 | OK | |||
r-release-linux-x86_64 | 0.1.1 | 47.92 | 64.84 | 112.76 | OK | |
r-release-windows-ix86+x86_64 | 0.1.1 | 101.00 | 123.00 | 224.00 | OK | |
r-release-osx-x86_64 | 0.1.1 | NOTE | ||||
r-oldrel-windows-ix86+x86_64 | 0.1.1 | 104.00 | 121.00 | 225.00 | OK | |
r-oldrel-osx-x86_64 | 0.1.1 | NOTE |
Version: 0.1.1
Check: whether package can be installed
Result: WARN
Found the following significant warnings:
emmix.cpp:351:195: warning: expression result unused [-Wunused-value]
Flavors: r-devel-linux-x86_64-debian-clang, r-devel-linux-x86_64-fedora-clang
Version: 0.1.1
Check: whether package can be installed
Result: WARN
Found the following significant warnings:
emmix.cpp:351:195: warning: value computed is not used [-Wunused-value]
Flavors: r-devel-linux-x86_64-debian-gcc, r-devel-linux-x86_64-fedora-gcc, r-devel-windows-ix86+x86_64, r-devel-windows-ix86+x86_64-gcc8
Version: 0.1.1
Check: installed package size
Result: NOTE
installed size is 6.4Mb
sub-directories of 1Mb or more:
data 2.0Mb
libs 3.6Mb
Flavors: r-devel-linux-x86_64-fedora-clang, r-devel-windows-ix86+x86_64-gcc8, r-release-osx-x86_64, r-oldrel-osx-x86_64