CRAN Package Check Results for Package EMMLi

Last updated on 2023-12-05 07:48:30 CET.

Flavor Version Tinstall Tcheck Ttotal Status Flags
r-devel-linux-x86_64-debian-clang 0.0.3 2.47 27.31 29.78 NOTE
r-devel-linux-x86_64-debian-gcc 0.0.3 1.44 21.12 22.56 NOTE
r-devel-linux-x86_64-fedora-clang 0.0.3 37.69 OK
r-devel-linux-x86_64-fedora-gcc 0.0.3 35.51 OK
r-devel-windows-x86_64 0.0.3 3.00 48.00 51.00 OK
r-patched-linux-x86_64 0.0.3 2.46 26.60 29.06 OK
r-release-linux-x86_64 0.0.3 2.65 26.72 29.37 OK
r-release-macos-arm64 0.0.3 17.00 OK
r-release-macos-x86_64 0.0.3 25.00 OK
r-release-windows-x86_64 0.0.3 4.00 47.00 51.00 OK
r-oldrel-macos-arm64 0.0.3 17.00 OK
r-oldrel-macos-x86_64 0.0.3 25.00 OK
r-oldrel-windows-x86_64 0.0.3 5.00 51.00 56.00 OK

Check Details

Version: 0.0.3
Check: Rd files
Result: NOTE checkRd: (-1) macacaModels.Rd:9: Lost braces in \itemize; meant \describe ? checkRd: (-1) macacaModels.Rd:10-11: Lost braces in \itemize; meant \describe ? Flavors: r-devel-linux-x86_64-debian-clang, r-devel-linux-x86_64-debian-gcc