Last updated on 2023-06-07 06:57:46 CEST.
Flavor | Version | Tinstall | Tcheck | Ttotal | Status | Flags |
---|---|---|---|---|---|---|
r-devel-linux-x86_64-debian-clang | 2.0.4 | 40.21 | 621.59 | 661.80 | OK | |
r-devel-linux-x86_64-debian-gcc | 2.0.4 | 29.13 | 451.43 | 480.56 | OK | |
r-devel-linux-x86_64-fedora-clang | 2.0.4 | 823.51 | NOTE | |||
r-devel-linux-x86_64-fedora-gcc | 2.0.4 | 779.67 | NOTE | |||
r-devel-windows-x86_64 | 2.0.4 | 32.00 | 426.00 | 458.00 | OK | |
r-patched-linux-x86_64 | 2.0.4 | 32.26 | 589.42 | 621.68 | OK | |
r-release-linux-x86_64 | 2.0.4 | 26.28 | 595.41 | 621.69 | OK | |
r-release-macos-arm64 | 2.0.4 | 195.00 | OK | |||
r-release-macos-x86_64 | 2.0.4 | 367.00 | OK | |||
r-release-windows-x86_64 | 2.0.4 | 46.00 | 530.00 | 576.00 | OK | |
r-oldrel-macos-arm64 | 2.0.4 | 175.00 | OK | |||
r-oldrel-macos-x86_64 | 2.0.4 | 236.00 | OK | |||
r-oldrel-windows-x86_64 | 2.0.4 | 47.00 | 503.00 | 550.00 | OK |
Version: 2.0.4
Check: data for non-ASCII characters
Result: NOTE
Note: found 2 marked UTF-8 strings
Flavors: r-devel-linux-x86_64-fedora-clang, r-devel-linux-x86_64-fedora-gcc