Last updated on 2023-12-09 07:49:30 CET.
Flavor | Version | Tinstall | Tcheck | Ttotal | Status | Flags |
---|---|---|---|---|---|---|
r-devel-linux-x86_64-debian-clang | 0.1.0 | 2.37 | 55.13 | 57.50 | OK | |
r-devel-linux-x86_64-debian-gcc | 0.1.0 | 2.24 | 41.93 | 44.17 | OK | |
r-devel-linux-x86_64-fedora-clang | 0.1.0 | 70.89 | OK | |||
r-devel-linux-x86_64-fedora-gcc | 0.1.0 | 79.23 | OK | |||
r-devel-windows-x86_64 | 0.1.0 | 4.00 | 71.00 | 75.00 | OK | |
r-patched-linux-x86_64 | 0.1.0 | 2.17 | 53.38 | 55.55 | OK | |
r-release-linux-x86_64 | 0.1.0 | 2.15 | 52.47 | 54.62 | OK | |
r-release-macos-arm64 | 0.1.0 | 36.00 | OK | |||
r-release-macos-x86_64 | 0.1.0 | 53.00 | NOTE | |||
r-release-windows-x86_64 | 0.1.0 | 5.00 | 75.00 | 80.00 | OK | |
r-oldrel-macos-arm64 | 0.1.0 | 26.00 | OK | |||
r-oldrel-macos-x86_64 | 0.1.0 | 39.00 | OK | |||
r-oldrel-windows-x86_64 | 0.1.0 | 5.00 | 74.00 | 79.00 | OK |
Version: 0.1.0
Check: package dependencies
Result: NOTE
Package suggested but not available for checking: ‘PerformanceAnalytics’
Flavor: r-release-macos-x86_64