CRAN Package Check Results for Package ERSA

Last updated on 2020-05-28 01:53:16 CEST.

Flavor Version Tinstall Tcheck Ttotal Status Flags
r-devel-linux-x86_64-debian-clang 0.1.1 7.85 57.85 65.70 NOTE
r-devel-linux-x86_64-debian-gcc 0.1.1 5.31 44.11 49.42 NOTE
r-devel-linux-x86_64-fedora-clang 0.1.1 85.35 OK
r-devel-linux-x86_64-fedora-gcc 0.1.1 76.20 OK
r-devel-windows-ix86+x86_64 0.1.1 24.00 109.00 133.00 NOTE
r-patched-linux-x86_64 0.1.1 7.15 55.87 63.02 NOTE
r-patched-solaris-x86 0.1.1 111.90 OK
r-release-linux-x86_64 0.1.1 5.61 56.05 61.66 NOTE
r-release-osx-x86_64 0.1.1 OK
r-release-windows-ix86+x86_64 0.1.1 25.00 101.00 126.00 NOTE
r-oldrel-osx-x86_64 0.1.1 OK
r-oldrel-windows-ix86+x86_64 0.1.1 13.00 71.00 84.00 OK

Check Details

Version: 0.1.1
Check: package vignettes
Result: NOTE
    Package vignette with placeholder title 'Vignette Title':
     'ERSA.Rmd'
Flavors: r-devel-linux-x86_64-debian-clang, r-devel-linux-x86_64-debian-gcc, r-devel-windows-ix86+x86_64, r-patched-linux-x86_64, r-release-linux-x86_64, r-release-windows-ix86+x86_64