Last updated on 2022-07-26 01:58:11 CEST.
Flavor | Version | Tinstall | Tcheck | Ttotal | Status | Flags |
---|---|---|---|---|---|---|
r-devel-linux-x86_64-debian-clang | 0.1.3 | 8.44 | 85.83 | 94.27 | NOTE | |
r-devel-linux-x86_64-debian-gcc | 0.1.3 | 7.29 | 61.78 | 69.07 | NOTE | |
r-devel-linux-x86_64-fedora-clang | 0.1.3 | 120.22 | NOTE | |||
r-devel-linux-x86_64-fedora-gcc | 0.1.3 | 115.83 | NOTE | |||
r-devel-windows-x86_64 | 0.1.3 | 18.00 | 112.00 | 130.00 | NOTE | |
r-patched-linux-x86_64 | 0.1.3 | 8.62 | 78.50 | 87.12 | NOTE | |
r-release-linux-x86_64 | 0.1.3 | 7.69 | 78.75 | 86.44 | NOTE | |
r-release-macos-arm64 | 0.1.3 | 37.00 | NOTE | |||
r-release-macos-x86_64 | 0.1.3 | 59.00 | NOTE | |||
r-release-windows-x86_64 | 0.1.3 | 19.00 | 111.00 | 130.00 | NOTE | |
r-oldrel-macos-arm64 | 0.1.3 | 48.00 | NOTE | |||
r-oldrel-macos-x86_64 | 0.1.3 | 58.00 | NOTE | |||
r-oldrel-windows-ix86+x86_64 | 0.1.3 | 21.00 | 104.00 | 125.00 | NOTE |
Version: 0.1.3
Check: LazyData
Result: NOTE
'LazyData' is specified without a 'data' directory
Flavors: r-devel-linux-x86_64-debian-clang, r-devel-linux-x86_64-debian-gcc, r-devel-linux-x86_64-fedora-clang, r-devel-linux-x86_64-fedora-gcc, r-devel-windows-x86_64, r-patched-linux-x86_64, r-release-linux-x86_64, r-release-macos-arm64, r-release-macos-x86_64, r-release-windows-x86_64, r-oldrel-macos-arm64, r-oldrel-macos-x86_64, r-oldrel-windows-ix86+x86_64