Last updated on 2023-01-30 01:53:31 CET.
Flavor | Version | Tinstall | Tcheck | Ttotal | Status | Flags |
---|---|---|---|---|---|---|
r-devel-linux-x86_64-debian-clang | 4.1.3 | 13.68 | 157.23 | 170.91 | OK | |
r-devel-linux-x86_64-debian-gcc | 4.1.3 | 10.24 | 116.42 | 126.66 | OK | |
r-devel-linux-x86_64-fedora-clang | 4.1.3 | 205.45 | NOTE | |||
r-devel-linux-x86_64-fedora-gcc | 4.1.3 | 217.86 | NOTE | |||
r-devel-windows-x86_64 | 4.1.3 | 19.00 | 199.00 | 218.00 | OK | |
r-patched-linux-x86_64 | 4.1.3 | 10.36 | 148.26 | 158.62 | OK | |
r-release-linux-x86_64 | 4.1.3 | 11.03 | 130.94 | 141.97 | OK | |
r-release-macos-arm64 | 4.1.3 | 56.00 | NOTE | |||
r-release-macos-x86_64 | 4.1.3 | 87.00 | NOTE | |||
r-release-windows-x86_64 | 4.1.3 | 41.00 | 192.00 | 233.00 | OK | |
r-oldrel-macos-arm64 | 4.1.3 | 62.00 | NOTE | |||
r-oldrel-macos-x86_64 | 4.1.3 | 88.00 | NOTE | |||
r-oldrel-windows-ix86+x86_64 | 4.1.3 | 35.00 | 184.00 | 219.00 | OK |
Version: 4.1.3
Check: dependencies in R code
Result: NOTE
Namespace in Imports field not imported from: ‘metadat’
All declared Imports should be used.
Flavors: r-devel-linux-x86_64-fedora-clang, r-devel-linux-x86_64-fedora-gcc, r-release-macos-arm64, r-release-macos-x86_64, r-oldrel-macos-arm64, r-oldrel-macos-x86_64