CRAN Package Check Results for Package Ecfun

Last updated on 2019-10-15 01:50:18 CEST.

Flavor Version Tinstall Tcheck Ttotal Status Flags
r-devel-linux-x86_64-debian-clang 0.2-0 12.90 109.22 122.12 NOTE
r-devel-linux-x86_64-debian-gcc 0.2-0 10.24 83.99 94.23 NOTE
r-devel-linux-x86_64-fedora-clang 0.2-0 146.28 NOTE
r-devel-linux-x86_64-fedora-gcc 0.2-0 142.68 NOTE
r-devel-windows-ix86+x86_64 0.2-0 19.00 121.00 140.00 OK
r-patched-linux-x86_64 0.2-0 11.75 106.24 117.99 OK
r-patched-solaris-x86 0.2-0 196.70 OK
r-release-linux-x86_64 0.2-0 12.28 107.18 119.46 OK
r-release-windows-ix86+x86_64 0.2-0 27.00 177.00 204.00 OK
r-release-osx-x86_64 0.2-0 OK
r-oldrel-windows-ix86+x86_64 0.2-0 12.00 109.00 121.00 OK
r-oldrel-osx-x86_64 0.2-0 OK

Check Details

Version: 0.2-0
Check: for non-standard things in the check directory
Result: NOTE
    Found the following files/directories:
     'cow0.csv' 'testURLresults.csv'
Flavors: r-devel-linux-x86_64-debian-clang, r-devel-linux-x86_64-debian-gcc, r-devel-linux-x86_64-fedora-clang, r-devel-linux-x86_64-fedora-gcc