Last updated on 2023-11-30 07:52:33 CET.
Flavor | Version | Tinstall | Tcheck | Ttotal | Status | Flags |
---|---|---|---|---|---|---|
r-devel-linux-x86_64-debian-clang | 1.0.5 | 1076.02 | 234.10 | 1310.12 | OK | |
r-devel-linux-x86_64-debian-gcc | 1.0.5 | 759.76 | 206.07 | 965.83 | OK | |
r-devel-linux-x86_64-fedora-clang | 1.0.5 | 1441.99 | NOTE | |||
r-devel-linux-x86_64-fedora-gcc | 1.0.5 | 1888.22 | NOTE | |||
r-devel-windows-x86_64 | 1.0.5 | 639.00 | 246.00 | 885.00 | NOTE | |
r-patched-linux-x86_64 | 1.0.5 | 643.66 | 266.18 | 909.84 | OK | |
r-release-linux-x86_64 | 1.0.5 | 0.01 | 2.54 | 2.55 | ERROR | |
r-release-macos-arm64 | 1.0.5 | 515.00 | NOTE | |||
r-release-macos-x86_64 | 1.0.5 | 762.00 | NOTE | |||
r-release-windows-x86_64 | 1.0.5 | 894.00 | 298.00 | 1192.00 | NOTE | |
r-oldrel-macos-arm64 | 1.0.5 | 436.00 | NOTE | |||
r-oldrel-macos-x86_64 | 1.0.5 | 701.00 | NOTE | |||
r-oldrel-windows-x86_64 | 1.0.5 | 816.00 | 283.00 | 1099.00 | NOTE |
Version: 1.0.5
Check: installed package size
Result: NOTE
installed size is 9.2Mb
sub-directories of 1Mb or more:
libs 8.1Mb
Flavors: r-devel-linux-x86_64-fedora-clang, r-devel-windows-x86_64, r-release-macos-arm64, r-release-macos-x86_64, r-release-windows-x86_64, r-oldrel-macos-arm64, r-oldrel-macos-x86_64, r-oldrel-windows-x86_64
Version: 1.0.5
Check: dependencies in R code
Result: NOTE
Namespaces in Imports field not imported from:
‘RcppParallel’ ‘rstantools’
All declared Imports should be used.
Flavors: r-devel-linux-x86_64-fedora-clang, r-devel-linux-x86_64-fedora-gcc
Version: 1.0.5
Check: for GNU extensions in Makefiles
Result: NOTE
GNU make is a SystemRequirements.
Flavors: r-devel-linux-x86_64-fedora-clang, r-devel-linux-x86_64-fedora-gcc, r-release-macos-arm64, r-release-macos-x86_64, r-oldrel-macos-arm64, r-oldrel-macos-x86_64
Version: 1.0.5
Check: whether package can be installed
Result: ERROR
Installation failed.
Flavor: r-release-linux-x86_64