CRAN Package Check Results for Package EffectStars

Last updated on 2020-09-22 02:17:18 CEST.

Flavor Version Tinstall Tcheck Ttotal Status Flags
r-devel-linux-x86_64-debian-clang 1.9-1 7.61 51.03 58.64 OK
r-devel-linux-x86_64-debian-gcc 1.9-1 6.22 39.60 45.82 OK
r-devel-linux-x86_64-fedora-clang 1.9-1 82.33 NOTE
r-devel-linux-x86_64-fedora-gcc 1.9-1 86.58 OK
r-devel-windows-ix86+x86_64 1.9-1 15.00 75.00 90.00 OK
r-patched-linux-x86_64 1.9-1 7.30 50.95 58.25 OK
r-patched-solaris-x86 1.9-1 104.60 OK
r-release-linux-x86_64 1.9-1 7.48 50.99 58.47 OK
r-release-macos-x86_64 1.9-1 OK
r-release-windows-ix86+x86_64 1.9-1 12.00 61.00 73.00 OK
r-oldrel-macos-x86_64 1.9-1 OK
r-oldrel-windows-ix86+x86_64 1.9-1 10.00 69.00 79.00 OK

Check Details

Version: 1.9-1
Check: Rd cross-references
Result: NOTE
    Undeclared packages ‘carData’, ‘faraway’ in Rd xrefs
Flavor: r-devel-linux-x86_64-fedora-clang