Last updated on 2023-02-03 00:50:57 CET.
Flavor | Version | Tinstall | Tcheck | Ttotal | Status | Flags |
---|---|---|---|---|---|---|
r-devel-linux-x86_64-debian-clang | 0.1-3 | 3.29 | 42.19 | 45.48 | OK | |
r-devel-linux-x86_64-debian-gcc | 0.1-3 | 3.32 | 32.51 | 35.83 | OK | |
r-devel-linux-x86_64-fedora-clang | 0.1-3 | 61.62 | NOTE | |||
r-devel-linux-x86_64-fedora-gcc | 0.1-3 | 57.25 | OK | |||
r-patched-linux-x86_64 | 0.1-3 | 4.14 | 41.01 | 45.15 | OK | |
r-release-linux-x86_64 | 0.1-3 | 2.91 | 39.10 | 42.01 | OK | |
r-release-macos-arm64 | 0.1-3 | 22.00 | OK | |||
r-release-macos-x86_64 | 0.1-3 | 29.00 | OK | |||
r-release-windows-x86_64 | 0.1-3 | 23.00 | 77.00 | 100.00 | OK | |
r-oldrel-macos-arm64 | 0.1-3 | 28.00 | OK | |||
r-oldrel-macos-x86_64 | 0.1-3 | 41.00 | OK | |||
r-oldrel-windows-ix86+x86_64 | 0.1-3 | 11.00 | 70.00 | 81.00 | OK |
Version: 0.1-3
Check: Rd cross-references
Result: NOTE
Undeclared package ‘carData’ in Rd xrefs
Flavor: r-devel-linux-x86_64-fedora-clang