CRAN Package Check Results for Package EffectStars2

Last updated on 2020-09-21 02:49:22 CEST.

Flavor Version Tinstall Tcheck Ttotal Status Flags
r-devel-linux-x86_64-debian-clang 0.1-3 3.39 36.09 39.48 OK
r-devel-linux-x86_64-debian-gcc 0.1-3 3.28 28.72 32.00 OK
r-devel-linux-x86_64-fedora-clang 0.1-3 59.06 NOTE
r-devel-linux-x86_64-fedora-gcc 0.1-3 52.42 OK
r-devel-windows-ix86+x86_64 0.1-3 9.00 60.00 69.00 OK
r-patched-linux-x86_64 0.1-3 4.03 35.62 39.65 OK
r-patched-solaris-x86 0.1-3 75.50 OK
r-release-linux-x86_64 0.1-3 3.70 36.38 40.08 OK
r-release-macos-x86_64 0.1-3 OK
r-release-windows-ix86+x86_64 0.1-3 8.00 47.00 55.00 OK
r-oldrel-macos-x86_64 0.1-3 OK
r-oldrel-windows-ix86+x86_64 0.1-3 6.00 58.00 64.00 OK

Check Details

Version: 0.1-3
Check: Rd cross-references
Result: NOTE
    Undeclared package ‘carData’ in Rd xrefs
Flavor: r-devel-linux-x86_64-fedora-clang