Last updated on 2023-06-05 07:52:51 CEST.
Flavor | Version | Tinstall | Tcheck | Ttotal | Status | Flags |
---|---|---|---|---|---|---|
r-devel-linux-x86_64-debian-clang | 1.2.3 | 479.64 | 30.98 | 510.62 | NOTE | |
r-devel-linux-x86_64-debian-gcc | 1.2.3 | 402.66 | 40.04 | 442.70 | NOTE | |
r-devel-linux-x86_64-fedora-clang | 1.2.3 | 605.70 | NOTE | |||
r-devel-linux-x86_64-fedora-gcc | 1.2.3 | 839.07 | NOTE | |||
r-devel-windows-x86_64 | 1.2.3 | 318.00 | 91.00 | 409.00 | NOTE | |
r-patched-linux-x86_64 | 1.2.3 | 409.63 | 53.04 | 462.67 | NOTE | |
r-release-linux-x86_64 | 1.2.3 | 428.01 | 53.21 | 481.22 | NOTE | |
r-release-macos-arm64 | 1.2.3 | 201.00 | NOTE | |||
r-release-macos-x86_64 | 1.2.3 | 315.00 | NOTE | |||
r-release-windows-x86_64 | 1.2.3 | 393.00 | 107.00 | 500.00 | NOTE | |
r-oldrel-macos-arm64 | 1.2.3 | 182.00 | NOTE | |||
r-oldrel-macos-x86_64 | 1.2.3 | 223.00 | NOTE | |||
r-oldrel-windows-x86_64 | 1.2.3 | 391.00 | 89.00 | 480.00 | OK |
Version: 1.2.3
Check: C++ specification
Result: NOTE
Specified C++11: please drop specification unless essential
Flavors: r-devel-linux-x86_64-debian-clang, r-devel-linux-x86_64-debian-gcc, r-devel-linux-x86_64-fedora-clang, r-devel-linux-x86_64-fedora-gcc, r-devel-windows-x86_64, r-patched-linux-x86_64, r-release-linux-x86_64, r-release-macos-arm64, r-release-macos-x86_64, r-release-windows-x86_64
Version: 1.2.3
Check: installed package size
Result: NOTE
installed size is 142.5Mb
sub-directories of 1Mb or more:
libs 142.3Mb
Flavors: r-release-macos-arm64, r-release-macos-x86_64, r-oldrel-macos-arm64, r-oldrel-macos-x86_64