Last updated on 2022-07-05 01:52:09 CEST.
Flavor | Version | Tinstall | Tcheck | Ttotal | Status | Flags |
---|---|---|---|---|---|---|
r-devel-linux-x86_64-debian-clang | 1.2.3 | 483.64 | 30.48 | 514.12 | OK | |
r-devel-linux-x86_64-debian-gcc | 1.2.3 | 416.36 | 35.88 | 452.24 | OK | |
r-devel-linux-x86_64-fedora-clang | 1.2.3 | 769.20 | NOTE | |||
r-devel-linux-x86_64-fedora-gcc | 1.2.3 | 772.13 | OK | |||
r-devel-windows-x86_64 | 1.2.3 | 270.00 | 96.00 | 366.00 | OK | |
r-patched-linux-x86_64 | 1.2.3 | 444.99 | 45.41 | 490.40 | OK | |
r-release-linux-x86_64 | 1.2.3 | 436.08 | 45.37 | 481.45 | OK | |
r-release-macos-arm64 | 1.2.3 | 218.00 | NOTE | |||
r-release-macos-x86_64 | 1.2.3 | 223.00 | NOTE | |||
r-release-windows-x86_64 | 1.2.3 | 277.00 | 99.00 | 376.00 | OK | |
r-oldrel-macos-arm64 | 1.2.3 | 195.00 | NOTE | |||
r-oldrel-macos-x86_64 | 1.2.3 | 221.00 | NOTE | |||
r-oldrel-windows-ix86+x86_64 | 1.2.3 | 987.00 | 114.00 | 1101.00 | OK |
Version: 1.2.3
Check: installed package size
Result: NOTE
installed size is 120.8Mb
sub-directories of 1Mb or more:
libs 120.6Mb
Flavors: r-devel-linux-x86_64-fedora-clang, r-release-macos-arm64, r-release-macos-x86_64, r-oldrel-macos-arm64, r-oldrel-macos-x86_64