CRAN Package Check Results for Package EmissV

Last updated on 2020-07-03 01:49:01 CEST.

Flavor Version Tinstall Tcheck Ttotal Status Flags
r-devel-linux-x86_64-debian-clang 0.665.2.1 13.56 151.74 165.30 OK
r-devel-linux-x86_64-debian-gcc 0.665.2.1 10.27 111.68 121.95 OK
r-devel-linux-x86_64-fedora-clang 0.665.2.1 203.05 NOTE
r-devel-linux-x86_64-fedora-gcc 0.665.2.1 187.16 OK
r-devel-windows-ix86+x86_64 0.665.2.1 30.00 205.00 235.00 NOTE
r-patched-linux-x86_64 0.665.2.1 12.56 147.66 160.22 OK
r-patched-solaris-x86 0.665.2.1 262.30 NOTE
r-release-linux-x86_64 0.665.2.1 12.62 145.84 158.46 OK
r-release-osx-x86_64 0.665.2.1 NOTE
r-release-windows-ix86+x86_64 0.665.2.1 23.00 148.00 171.00 NOTE
r-oldrel-osx-x86_64 0.665.2.1 NOTE
r-oldrel-windows-ix86+x86_64 0.665.2.1 35.00 186.00 221.00 NOTE

Check Details

Version: 0.665.2.1
Check: installed package size
Result: NOTE
     installed size is 10.5Mb
     sub-directories of 1Mb or more:
     extdata 10.2Mb
Flavors: r-devel-linux-x86_64-fedora-clang, r-devel-windows-ix86+x86_64, r-patched-solaris-x86, r-release-osx-x86_64, r-release-windows-ix86+x86_64, r-oldrel-osx-x86_64, r-oldrel-windows-ix86+x86_64