CRAN Package Check Results for Package EnsemblePCReg

Last updated on 2021-01-22 00:48:52 CET.

Flavor Version Tinstall Tcheck Ttotal Status Flags
r-devel-linux-x86_64-debian-clang 1.1.1 9.10 93.39 102.49 NOTE
r-devel-linux-x86_64-debian-gcc 1.1.1 7.40 68.68 76.08 NOTE
r-devel-linux-x86_64-fedora-clang 1.1.1 135.46 NOTE
r-devel-linux-x86_64-fedora-gcc 1.1.1 130.86 NOTE
r-devel-windows-ix86+x86_64 1.1.1 22.00 123.00 145.00 OK
r-patched-linux-x86_64 1.1.1 9.38 86.54 95.92 NOTE
r-patched-solaris-x86 1.1.1 168.60 NOTE
r-release-linux-x86_64 1.1.1 8.27 83.88 92.15 NOTE
r-release-macos-x86_64 1.1.1 OK
r-release-windows-ix86+x86_64 1.1.1 40.00 116.00 156.00 OK
r-oldrel-macos-x86_64 1.1.1 OK
r-oldrel-windows-ix86+x86_64 1.1.1 15.00 87.00 102.00 OK

Check Details

Version: 1.1.1
Check: for non-standard things in the check directory
Result: NOTE
    Found the following files/directories:
     'somefile'
Flavors: r-devel-linux-x86_64-debian-clang, r-devel-linux-x86_64-debian-gcc, r-devel-linux-x86_64-fedora-clang, r-devel-linux-x86_64-fedora-gcc, r-patched-linux-x86_64, r-patched-solaris-x86, r-release-linux-x86_64