CRAN Package Check Results for Package EnvStats

Last updated on 2019-06-18 01:48:34 CEST.

Flavor Version Tinstall Tcheck Ttotal Status Flags
r-devel-linux-x86_64-debian-clang 2.3.1 60.89 457.58 518.47 OK
r-devel-linux-x86_64-debian-gcc 2.3.1 53.74 346.42 400.16 OK
r-devel-linux-x86_64-fedora-clang 2.3.1 608.53 NOTE
r-devel-linux-x86_64-fedora-gcc 2.3.1 591.40 OK
r-devel-windows-ix86+x86_64 2.3.1 111.00 428.00 539.00 NOTE
r-patched-linux-x86_64 2.3.1 62.45 455.80 518.25 OK
r-patched-solaris-x86 2.3.1 621.10 NOTE
r-release-linux-x86_64 2.3.1 55.43 458.75 514.18 OK
r-release-windows-ix86+x86_64 2.3.1 97.00 535.00 632.00 NOTE
r-release-osx-x86_64 2.3.1 NOTE
r-oldrel-windows-ix86+x86_64 2.3.1 70.00 498.00 568.00 NOTE
r-oldrel-osx-x86_64 2.3.1 NOTE

Check Details

Version: 2.3.1
Check: installed package size
Result: NOTE
     installed size is 9.7Mb
     sub-directories of 1Mb or more:
     R 2.3Mb
     doc 3.3Mb
     help 3.4Mb
Flavors: r-devel-linux-x86_64-fedora-clang, r-devel-windows-ix86+x86_64, r-patched-solaris-x86, r-release-windows-ix86+x86_64, r-release-osx-x86_64, r-oldrel-windows-ix86+x86_64, r-oldrel-osx-x86_64