CRAN Package Check Results for Package EnvStats

Last updated on 2022-08-17 01:52:08 CEST.

Flavor Version Tinstall Tcheck Ttotal Status Flags
r-devel-linux-x86_64-debian-clang 2.7.0 77.89 524.86 602.75 NOTE
r-devel-linux-x86_64-debian-gcc 2.7.0 53.73 375.68 429.41 NOTE
r-devel-linux-x86_64-fedora-clang 2.7.0 674.60 NOTE
r-devel-linux-x86_64-fedora-gcc 2.7.0 690.52 NOTE
r-devel-windows-x86_64 2.7.0 457.00 533.00 990.00 NOTE
r-patched-linux-x86_64 2.7.0 90.83 477.75 568.58 OK
r-release-linux-x86_64 2.7.0 72.63 486.60 559.23 OK
r-release-macos-arm64 2.7.0 143.00 NOTE
r-release-macos-x86_64 2.7.0 202.00 NOTE
r-release-windows-x86_64 2.7.0 420.00 669.00 1089.00 NOTE
r-oldrel-macos-arm64 2.7.0 130.00 NOTE
r-oldrel-macos-x86_64 2.7.0 204.00 NOTE
r-oldrel-windows-ix86+x86_64 2.7.0 117.00 535.00 652.00 NOTE

Check Details

Version: 2.7.0
Check: Rd files
Result: NOTE
    checkRd: (-1) calibrate.Rd:151: Escaped LaTeX specials: \&
    checkRd: (-1) cdfCompareCensored.Rd:299: Escaped LaTeX specials: \&
    checkRd: (-1) detectionLimitCalibrate.Rd:149: Escaped LaTeX specials: \&
    checkRd: (-1) ecdfPlotCensored.Rd:169: Escaped LaTeX specials: \&
    checkRd: (-1) egammaAltCensored.Rd:344: Escaped LaTeX specials: \&
    checkRd: (-1) egammaCensored.Rd:340: Escaped LaTeX specials: \&
    checkRd: (-1) elnormAltCensored.Rd:694: Escaped LaTeX specials: \&
    checkRd: (-1) elnormCensored.Rd:270: Escaped LaTeX specials: \&
    checkRd: (-1) enormCensored.Rd:852: Escaped LaTeX specials: \&
    checkRd: (-1) enparCensored.Rd:343: Escaped LaTeX specials: \&
    checkRd: (-1) enparCensored.Rd:358: Escaped LaTeX specials: \&
    checkRd: (-1) epoisCensored.Rd:354: Escaped LaTeX specials: \&
    checkRd: (-1) ppointsCensored.Rd:406: Escaped LaTeX specials: \&
    checkRd: (-1) predIntGammaSimultaneous.Rd:170: Escaped LaTeX specials: \&
    checkRd: (-1) predIntGammaSimultaneous.Rd:171: Escaped LaTeX specials: \&
    checkRd: (-1) predIntLnormSimultaneous.Rd:136: Escaped LaTeX specials: \&
    checkRd: (-1) predIntLnormSimultaneous.Rd:137: Escaped LaTeX specials: \&
    checkRd: (-1) predIntNormSimultaneous.Rd:204: Escaped LaTeX specials: \&
    checkRd: (-1) predIntNormSimultaneous.Rd:205: Escaped LaTeX specials: \&
    checkRd: (-1) predIntNormSimultaneousK.Rd:277: Escaped LaTeX specials: \&
    checkRd: (-1) predIntNormSimultaneousK.Rd:278: Escaped LaTeX specials: \&
    checkRd: (-1) qqPlotCensored.Rd:261: Escaped LaTeX specials: \&
    checkRd: (-1) twoSampleLinearRankTest.Rd:276: Escaped LaTeX specials: \&
    checkRd: (-1) twoSampleLinearRankTestCensored.Rd:324: Escaped LaTeX specials: \&
    checkRd: (-1) twoSampleLinearRankTestCensored.Rd:331: Escaped LaTeX specials: \&
Flavors: r-devel-linux-x86_64-debian-clang, r-devel-linux-x86_64-debian-gcc, r-devel-linux-x86_64-fedora-clang, r-devel-linux-x86_64-fedora-gcc, r-devel-windows-x86_64

Version: 2.7.0
Check: installed package size
Result: NOTE
     installed size is 6.4Mb
     sub-directories of 1Mb or more:
     R 2.3Mb
     help 3.4Mb
Flavors: r-devel-linux-x86_64-fedora-clang, r-devel-windows-x86_64, r-release-macos-arm64, r-release-macos-x86_64, r-release-windows-x86_64, r-oldrel-macos-arm64, r-oldrel-macos-x86_64, r-oldrel-windows-ix86+x86_64