CRAN Package Check Results for Package EpiCurve

Last updated on 2020-07-13 01:48:43 CEST.

Flavor Version Tinstall Tcheck Ttotal Status Flags
r-devel-linux-x86_64-debian-clang 2.3-1 5.75 69.59 75.34 OK
r-devel-linux-x86_64-debian-gcc 2.3-1 4.56 51.44 56.00 OK
r-devel-linux-x86_64-fedora-clang 2.3-1 99.73 NOTE
r-devel-linux-x86_64-fedora-gcc 2.3-1 96.50 NOTE
r-devel-windows-ix86+x86_64 2.3-1 15.00 84.00 99.00 OK
r-patched-linux-x86_64 2.3-1 6.40 66.72 73.12 OK
r-patched-solaris-x86 2.3-1 110.20 NOTE
r-release-linux-x86_64 2.3-1 5.87 66.04 71.91 OK
r-release-macos-x86_64 2.3-1 NOTE
r-release-windows-ix86+x86_64 2.3-1 22.00 109.00 131.00 OK
r-oldrel-macos-x86_64 2.3-1 NOTE
r-oldrel-windows-ix86+x86_64 2.3-1 16.00 81.00 97.00 OK

Check Details

Version: 2.3-1
Check: dependencies in R code
Result: NOTE
    Namespace in Imports field not imported from: ‘tibble’
     All declared Imports should be used.
Flavors: r-devel-linux-x86_64-fedora-clang, r-devel-linux-x86_64-fedora-gcc, r-patched-solaris-x86, r-release-macos-x86_64, r-oldrel-macos-x86_64