CRAN Package Check Results for Package EpiILM

Last updated on 2024-07-20 06:49:18 CEST.

Flavor Version Tinstall Tcheck Ttotal Status Flags
r-devel-linux-x86_64-debian-clang 1.5.2 12.71 300.92 313.63 OK
r-devel-linux-x86_64-debian-gcc 1.5.2 10.14 208.95 219.09 OK
r-devel-linux-x86_64-fedora-clang 1.5.2 371.86 NOTE
r-devel-linux-x86_64-fedora-gcc 1.5.2 366.71 OK
r-devel-windows-x86_64 1.5.2 15.00 348.00 363.00 NOTE
r-patched-linux-x86_64 1.5.2 13.99 276.04 290.03 OK
r-release-linux-x86_64 1.5.2 11.66 282.32 293.98 OK
r-release-macos-arm64 1.5.2 105.00 OK
r-release-macos-x86_64 1.5.2 321.00 OK
r-release-windows-x86_64 1.5.2 14.00 347.00 361.00 OK
r-oldrel-macos-arm64 1.5.2 170.00 OK
r-oldrel-macos-x86_64 1.5.2 353.00 OK
r-oldrel-windows-x86_64 1.5.2 18.00 350.00 368.00 OK

Check Details

Version: 1.5.2
Check: installed package size
Result: NOTE installed size is 5.7Mb sub-directories of 1Mb or more: libs 4.8Mb Flavor: r-devel-linux-x86_64-fedora-clang

Version: 1.5.2
Check: Rd cross-references
Result: NOTE Found the following Rd file(s) with Rd \link{} targets missing package anchors: epimcmc.Rd: MCMC, adaptMCMC plot.epimcmc.Rd: mcmc, plot.mcmc Please provide package anchors for all Rd \link{} targets not in the package itself and the base packages. Flavor: r-devel-windows-x86_64