Last updated on 2023-06-05 07:52:52 CEST.
Flavor | Version | Tinstall | Tcheck | Ttotal | Status | Flags |
---|---|---|---|---|---|---|
r-devel-linux-x86_64-debian-clang | 0.1.0 | 8.09 | 105.38 | 113.47 | NOTE | |
r-devel-linux-x86_64-debian-gcc | 0.1.0 | 6.64 | 81.16 | 87.80 | NOTE | |
r-devel-linux-x86_64-fedora-clang | 0.1.0 | 142.17 | NOTE | |||
r-devel-linux-x86_64-fedora-gcc | 0.1.0 | 141.34 | NOTE | |||
r-devel-windows-x86_64 | 0.1.0 | 8.00 | 87.00 | 95.00 | NOTE | |
r-patched-linux-x86_64 | 0.1.0 | 5.74 | 101.66 | 107.40 | NOTE | |
r-release-linux-x86_64 | 0.1.0 | 8.75 | 102.17 | 110.92 | NOTE | |
r-release-macos-arm64 | 0.1.0 | 43.00 | NOTE | |||
r-release-macos-x86_64 | 0.1.0 | 73.00 | NOTE | |||
r-release-windows-x86_64 | 0.1.0 | 11.00 | 108.00 | 119.00 | NOTE | |
r-oldrel-macos-arm64 | 0.1.0 | 39.00 | NOTE | |||
r-oldrel-macos-x86_64 | 0.1.0 | 57.00 | NOTE | |||
r-oldrel-windows-x86_64 | 0.1.0 | 10.00 | 116.00 | 126.00 | NOTE |
Version: 0.1.0
Check: LazyData
Result: NOTE
'LazyData' is specified without a 'data' directory
Flavors: r-devel-linux-x86_64-debian-clang, r-devel-linux-x86_64-debian-gcc, r-devel-linux-x86_64-fedora-clang, r-devel-linux-x86_64-fedora-gcc, r-devel-windows-x86_64, r-patched-linux-x86_64, r-release-linux-x86_64, r-release-macos-arm64, r-release-macos-x86_64, r-release-windows-x86_64, r-oldrel-macos-arm64, r-oldrel-macos-x86_64, r-oldrel-windows-x86_64