CRAN Package Check Results for Package EstMix

Last updated on 2020-07-15 01:48:23 CEST.

Flavor Version Tinstall Tcheck Ttotal Status Flags
r-devel-linux-x86_64-debian-clang 1.0.1 84.80 42.31 127.11 OK
r-devel-linux-x86_64-debian-gcc 1.0.1 61.51 32.72 94.23 OK
r-devel-linux-x86_64-fedora-clang 1.0.1 185.26 OK
r-devel-linux-x86_64-fedora-gcc 1.0.1 172.77 OK
r-devel-windows-ix86+x86_64 1.0.1 235.00 133.00 368.00 OK
r-patched-linux-x86_64 1.0.1 64.66 41.75 106.41 OK
r-patched-solaris-x86 1.0.1 167.50 OK
r-release-linux-x86_64 1.0.1 64.27 42.21 106.48 OK
r-release-macos-x86_64 1.0.1 ERROR
r-release-windows-ix86+x86_64 1.0.1 219.00 112.00 331.00 OK
r-oldrel-macos-x86_64 1.0.1 OK
r-oldrel-windows-ix86+x86_64 1.0.1 204.00 83.00 287.00 OK

Check Details

Version: 1.0.1
Check: whether package can be installed
Result: ERROR
    Installation failed.
Flavor: r-release-macos-x86_64