CRAN Package Check Results for Package Evapotranspiration

Last updated on 2020-03-30 02:48:28 CEST.

Flavor Version Tinstall Tcheck Ttotal Status Flags
r-devel-linux-x86_64-debian-clang 1.14 NOTE
r-devel-linux-x86_64-debian-gcc 1.14 11.80 50.25 62.05 NOTE
r-devel-linux-x86_64-fedora-clang 1.14 95.72 NOTE
r-devel-linux-x86_64-fedora-gcc 1.14 92.44 NOTE
r-devel-windows-ix86+x86_64 1.14 18.00 71.00 89.00 OK
r-devel-windows-ix86+x86_64-gcc8 1.14 23.00 78.00 101.00 OK
r-patched-linux-x86_64 1.14 12.24 65.82 78.06 NOTE
r-patched-solaris-x86 1.14 126.00 NOTE
r-release-linux-x86_64 1.14 10.28 60.34 70.62 OK
r-release-windows-ix86+x86_64 1.14 33.00 98.00 131.00 OK
r-release-osx-x86_64 1.14 OK
r-oldrel-windows-ix86+x86_64 1.14 21.00 89.00 110.00 OK
r-oldrel-osx-x86_64 1.14 OK

Check Details

Version: 1.14
Check: for non-standard things in the check directory
Result: NOTE
    Found the following files/directories:
     'ET_Abtew.csv' 'ET_BlaneyCriddle.csv' 'ET_BrutsaertStrickler.csv'
     'ET_ChapmanAustralian.csv' 'ET_GrangerGray.csv' 'ET_Hamon.csv'
     'ET_HargreavesSamani.csv' 'ET_JensenHaise.csv' 'ET_Linacre.csv'
     'ET_Makkink.csv' 'ET_MattShuttleworth.csv' 'ET_McGuinnessBordne.csv'
     'ET_MortonCRAE.csv' 'ET_MortonCRWE.csv' 'ET_PenPan.csv'
     'ET_Penman.csv' 'ET_PenmanMonteith.csv' 'ET_PriestleyTaylor.csv'
     'ET_Romanenko.csv' 'ET_SzilagyiJozsa.csv' 'ET_Turc.csv'
Flavors: r-devel-linux-x86_64-debian-clang, r-devel-linux-x86_64-debian-gcc, r-devel-linux-x86_64-fedora-clang, r-devel-linux-x86_64-fedora-gcc, r-patched-linux-x86_64, r-patched-solaris-x86