CRAN Package Check Results for Package EventDetectR

Last updated on 2020-07-15 01:48:23 CEST.

Flavor Version Tinstall Tcheck Ttotal Status Flags
r-devel-linux-x86_64-debian-clang 0.3.4 9.17 121.39 130.56 OK
r-devel-linux-x86_64-debian-gcc 0.3.4 8.95 88.98 97.93 OK
r-devel-linux-x86_64-fedora-clang 0.3.4 166.15 OK
r-devel-linux-x86_64-fedora-gcc 0.3.4 164.76 OK
r-devel-windows-ix86+x86_64 0.3.4 33.00 186.00 219.00 OK
r-patched-linux-x86_64 0.3.4 8.28 118.17 126.45 OK
r-patched-solaris-x86 0.3.4 220.50 OK
r-release-linux-x86_64 0.3.4 7.32 118.79 126.11 OK
r-release-macos-x86_64 0.3.4 ERROR
r-release-windows-ix86+x86_64 0.3.4 37.00 184.00 221.00 OK
r-oldrel-macos-x86_64 0.3.4 OK
r-oldrel-windows-ix86+x86_64 0.3.4 24.00 123.00 147.00 OK

Check Details

Version: 0.3.4
Check: whether package can be installed
Result: ERROR
    Installation failed.
Flavor: r-release-macos-x86_64