CRAN Package Check Results for Package EventStudy

Last updated on 2020-06-04 02:48:01 CEST.

Flavor Version Tinstall Tcheck Ttotal Status Flags
r-devel-linux-x86_64-debian-clang 0.36 13.42 72.67 86.09 OK
r-devel-linux-x86_64-debian-gcc 0.36 12.40 55.20 67.60 OK
r-devel-linux-x86_64-fedora-clang 0.36 112.15 NOTE
r-devel-linux-x86_64-fedora-gcc 0.36 99.61 NOTE
r-devel-windows-ix86+x86_64 0.36 54.00 91.00 145.00 NOTE
r-patched-linux-x86_64 0.36 15.69 69.82 85.51 OK
r-patched-solaris-x86 0.36 145.60 NOTE
r-release-linux-x86_64 0.36 12.86 70.52 83.38 OK
r-release-osx-x86_64 0.36 WARN
r-release-windows-ix86+x86_64 0.36 33.00 95.00 128.00 NOTE
r-oldrel-osx-x86_64 0.36 NOTE
r-oldrel-windows-ix86+x86_64 0.36 33.00 124.00 157.00 NOTE

Check Details

Version: 0.36
Check: installed package size
Result: NOTE
     installed size is 5.9Mb
     sub-directories of 1Mb or more:
     doc 5.0Mb
Flavors: r-devel-linux-x86_64-fedora-clang, r-devel-windows-ix86+x86_64, r-patched-solaris-x86, r-release-osx-x86_64, r-release-windows-ix86+x86_64, r-oldrel-osx-x86_64, r-oldrel-windows-ix86+x86_64

Version: 0.36
Check: dependencies in R code
Result: NOTE
    Namespaces in Imports field not imported from:
     ‘curl’ ‘openxlsx’ ‘stringr’
     All declared Imports should be used.
Flavors: r-devel-linux-x86_64-fedora-clang, r-devel-linux-x86_64-fedora-gcc, r-patched-solaris-x86, r-release-osx-x86_64, r-oldrel-osx-x86_64

Version: 0.36
Check: re-building of vignette outputs
Result: WARN
    Error(s) in re-building vignettes:
    --- re-building ‘addin_eventstudy.Rmd’ using rmarkdown
    dyld: lazy symbol binding failed: Symbol not found: ____chkstk_darwin
     Referenced from: /usr/local/bin/pandoc (which was built for Mac OS X 10.15)
     Expected in: /usr/lib/libSystem.B.dylib
    
    dyld: Symbol not found: ____chkstk_darwin
     Referenced from: /usr/local/bin/pandoc (which was built for Mac OS X 10.15)
     Expected in: /usr/lib/libSystem.B.dylib
    
    Error: processing vignette 'addin_eventstudy.Rmd' failed with diagnostics:
    pandoc document conversion failed with error 6
    --- failed re-building ‘addin_eventstudy.Rmd’
    
    --- re-building ‘howto_eventstudy.Rmd’ using rmarkdown
    dyld: lazy symbol binding failed: Symbol not found: ____chkstk_darwin
     Referenced from: /usr/local/bin/pandoc (which was built for Mac OS X 10.15)
     Expected in: /usr/lib/libSystem.B.dylib
    
    dyld: Symbol not found: ____chkstk_darwin
     Referenced from: /usr/local/bin/pandoc (which was built for Mac OS X 10.15)
     Expected in: /usr/lib/libSystem.B.dylib
    
    Error: processing vignette 'howto_eventstudy.Rmd' failed with diagnostics:
    pandoc document conversion failed with error 6
    --- failed re-building ‘howto_eventstudy.Rmd’
    
    --- re-building ‘introduction_eventstudy.Rmd’ using rmarkdown
    Loading required package: ggplot2
    Files are generated.
    Parsed with column specification:
    cols(
     X1 = col_double(),
     X2 = col_character(),
     X3 = col_character(),
     X4 = col_character(),
     X5 = col_character(),
     X6 = col_double(),
     X7 = col_double(),
     X8 = col_double(),
     X9 = col_double()
    )
    Parsed with column specification:
    cols(
     X1 = col_character(),
     X2 = col_character(),
     X3 = col_double()
    )
    Parsed with column specification:
    cols(
     X1 = col_character(),
     X2 = col_character(),
     X3 = col_double()
    )
    dyld: lazy symbol binding failed: Symbol not found: ____chkstk_darwin
     Referenced from: /usr/local/bin/pandoc (which was built for Mac OS X 10.15)
     Expected in: /usr/lib/libSystem.B.dylib
    
    dyld: Symbol not found: ____chkstk_darwin
     Referenced from: /usr/local/bin/pandoc (which was built for Mac OS X 10.15)
     Expected in: /usr/lib/libSystem.B.dylib
    
    Error: processing vignette 'introduction_eventstudy.Rmd' failed with diagnostics:
    pandoc document conversion failed with error 6
    --- failed re-building ‘introduction_eventstudy.Rmd’
    
    --- re-building ‘parameters_eventstudy.Rmd’ using rmarkdown
    dyld: lazy symbol binding failed: Symbol not found: ____chkstk_darwin
     Referenced from: /usr/local/bin/pandoc (which was built for Mac OS X 10.15)
     Expected in: /usr/lib/libSystem.B.dylib
    
    dyld: Symbol not found: ____chkstk_darwin
     Referenced from: /usr/local/bin/pandoc (which was built for Mac OS X 10.15)
     Expected in: /usr/lib/libSystem.B.dylib
    
    Error: processing vignette 'parameters_eventstudy.Rmd' failed with diagnostics:
    pandoc document conversion failed with error 6
    --- failed re-building ‘parameters_eventstudy.Rmd’
    
    SUMMARY: processing the following files failed:
     ‘addin_eventstudy.Rmd’ ‘howto_eventstudy.Rmd’
     ‘introduction_eventstudy.Rmd’ ‘parameters_eventstudy.Rmd’
    
    Error: Vignette re-building failed.
    Execution halted
Flavor: r-release-osx-x86_64