CRAN Package Check Results for Package Exact

Last updated on 2024-02-20 08:00:58 CET.

Flavor Version Tinstall Tcheck Ttotal Status Flags
r-devel-linux-x86_64-debian-clang 3.2 NOTE
r-devel-linux-x86_64-debian-gcc 3.2 3.55 30.81 34.36 NOTE
r-devel-linux-x86_64-fedora-clang 3.2 66.22 NOTE
r-devel-linux-x86_64-fedora-gcc 3.2 57.05 NOTE
r-devel-windows-x86_64 3.2 8.00 50.00 58.00 NOTE
r-patched-linux-x86_64 3.2 4.67 40.51 45.18 NOTE
r-release-linux-x86_64 3.2 5.45 40.34 45.79 NOTE
r-release-macos-arm64 3.2 22.00 NOTE
r-release-macos-x86_64 3.2 30.00 NOTE
r-release-windows-x86_64 3.2 9.00 54.00 63.00 NOTE
r-oldrel-macos-arm64 3.2 22.00 NOTE
r-oldrel-windows-x86_64 3.2 8.00 54.00 62.00 NOTE

Check Details

Version: 3.2
Check: package dependencies
Result: NOTE Package suggested but not available for checking: ‘ExactData’ Flavors: r-devel-linux-x86_64-debian-clang, r-devel-linux-x86_64-debian-gcc, r-devel-linux-x86_64-fedora-clang, r-devel-linux-x86_64-fedora-gcc, r-devel-windows-x86_64, r-patched-linux-x86_64, r-release-linux-x86_64, r-release-macos-arm64, r-release-macos-x86_64, r-release-windows-x86_64, r-oldrel-macos-arm64, r-oldrel-windows-x86_64