CRAN Package Check Results for Package FIT

Last updated on 2020-08-12 01:46:58 CEST.

Flavor Version Tinstall Tcheck Ttotal Status Flags
r-devel-linux-x86_64-debian-clang 0.0.6 45.37 104.49 149.86 OK
r-devel-linux-x86_64-debian-gcc 0.0.6 37.22 71.63 108.85 OK
r-devel-linux-x86_64-fedora-clang 0.0.6 186.51 NOTE
r-devel-linux-x86_64-fedora-gcc 0.0.6 177.02 NOTE
r-devel-windows-ix86+x86_64 0.0.6 106.00 170.00 276.00 OK
r-patched-linux-x86_64 0.0.6 40.43 102.48 142.91 OK
r-patched-solaris-x86 0.0.6 212.20 NOTE
r-release-linux-x86_64 0.0.6 39.37 99.63 139.00 OK
r-release-macos-x86_64 0.0.6 NOTE
r-release-windows-ix86+x86_64 0.0.6 103.00 165.00 268.00 OK
r-oldrel-macos-x86_64 0.0.6 NOTE
r-oldrel-windows-ix86+x86_64 0.0.6 67.00 139.00 206.00 OK

Check Details

Version: 0.0.6
Check: installed package size
Result: NOTE
     installed size is 9.4Mb
     sub-directories of 1Mb or more:
     libs 8.5Mb
Flavors: r-devel-linux-x86_64-fedora-clang, r-release-macos-x86_64, r-oldrel-macos-x86_64

Version: 0.0.6
Check: dependencies in R code
Result: NOTE
    Namespaces in Imports field not imported from:
     ‘MASS’ ‘XML’ ‘gglasso’ ‘methods’
     All declared Imports should be used.
Flavors: r-devel-linux-x86_64-fedora-clang, r-devel-linux-x86_64-fedora-gcc, r-patched-solaris-x86, r-release-macos-x86_64, r-oldrel-macos-x86_64