CRAN Package Check Results for Package FKF

Last updated on 2021-06-22 01:49:14 CEST.

Flavor Version Tinstall Tcheck Ttotal Status Flags
r-devel-linux-x86_64-debian-clang 0.1.7 3.42 38.83 42.25 OK
r-devel-linux-x86_64-debian-gcc 0.1.7 2.62 29.66 32.28 OK
r-devel-linux-x86_64-fedora-clang 0.1.7 59.95 OK
r-devel-linux-x86_64-fedora-gcc 0.1.7 49.54 OK
r-devel-windows-x86_64 0.1.7 6.00 54.00 60.00 OK
r-devel-windows-x86_64-gcc10-UCRT 0.1.7 NOTE
r-patched-linux-x86_64 0.1.7 3.35 37.29 40.64 OK
r-patched-solaris-x86 0.1.7 74.50 OK
r-release-linux-x86_64 0.1.7 2.89 37.53 40.42 OK
r-release-macos-arm64 0.1.7 OK
r-release-macos-x86_64 0.1.7 OK
r-release-windows-ix86+x86_64 0.1.7 12.00 73.00 85.00 OK
r-oldrel-macos-x86_64 0.1.7 OK

Check Details

Version: 0.1.7
Check: package dependencies
Result: NOTE
    Packages suggested but not available for checking: 'covr', 'pkgdown'
Flavor: r-devel-windows-x86_64-gcc10-UCRT