CRAN Package Check Results for Package FLSSS

Last updated on 2020-07-11 02:09:21 CEST.

Flavor Version Tinstall Tcheck Ttotal Status Flags
r-devel-linux-x86_64-debian-clang 8.5.6 290.61 50.76 341.37 NOTE
r-devel-linux-x86_64-debian-gcc 8.5.6 225.55 40.54 266.09 NOTE
r-devel-linux-x86_64-fedora-clang 8.5.6 500.18 NOTE
r-devel-linux-x86_64-fedora-gcc 8.5.6 438.36 NOTE
r-devel-windows-ix86+x86_64 8.5.6 641.00 119.00 760.00 NOTE
r-patched-linux-x86_64 8.5.6 237.69 49.42 287.11 NOTE
r-patched-solaris-x86 8.5.6 367.70 NOTE
r-release-linux-x86_64 8.5.6 234.02 49.13 283.15 NOTE
r-release-osx-x86_64 8.5.6 NOTE
r-release-windows-ix86+x86_64 8.5.6 491.00 134.00 625.00 NOTE
r-oldrel-osx-x86_64 8.5.6 NOTE
r-oldrel-windows-ix86+x86_64 8.5.6 633.00 118.00 751.00 NOTE

Additional issues

clang-UBSAN gcc-UBSAN

Check Details

Version: 8.5.6
Check: for GNU extensions in Makefiles
Result: NOTE
    GNU make is a SystemRequirements.
Flavors: r-devel-linux-x86_64-debian-clang, r-devel-linux-x86_64-debian-gcc, r-devel-linux-x86_64-fedora-clang, r-devel-linux-x86_64-fedora-gcc, r-devel-windows-ix86+x86_64, r-patched-linux-x86_64, r-patched-solaris-x86, r-release-linux-x86_64, r-release-osx-x86_64, r-release-windows-ix86+x86_64, r-oldrel-osx-x86_64, r-oldrel-windows-ix86+x86_64

Version: 8.5.6
Check: installed package size
Result: NOTE
     installed size is 22.5Mb
     sub-directories of 1Mb or more:
     libs 22.2Mb
Flavors: r-devel-linux-x86_64-fedora-clang, r-release-osx-x86_64, r-oldrel-osx-x86_64