Last updated on 2023-12-05 07:48:31 CET.
Flavor | Version | Tinstall | Tcheck | Ttotal | Status | Flags |
---|---|---|---|---|---|---|
r-devel-linux-x86_64-debian-clang | 1.4 | 2.43 | 27.44 | 29.87 | NOTE | |
r-devel-linux-x86_64-debian-gcc | 1.4 | 2.34 | 20.94 | 23.28 | NOTE | |
r-devel-linux-x86_64-fedora-clang | 1.4 | 37.29 | OK | |||
r-devel-linux-x86_64-fedora-gcc | 1.4 | 35.99 | OK | |||
r-devel-windows-x86_64 | 1.4 | 4.00 | 41.00 | 45.00 | OK | |
r-patched-linux-x86_64 | 1.4 | 2.42 | 26.68 | 29.10 | OK | |
r-release-linux-x86_64 | 1.4 | 3.18 | 26.81 | 29.99 | OK | |
r-release-macos-arm64 | 1.4 | 18.00 | OK | |||
r-release-macos-x86_64 | 1.4 | 21.00 | OK | |||
r-release-windows-x86_64 | 1.4 | 4.00 | 42.00 | 46.00 | OK | |
r-oldrel-macos-arm64 | 1.4 | 16.00 | OK | |||
r-oldrel-macos-x86_64 | 1.4 | 21.00 | OK | |||
r-oldrel-windows-x86_64 | 1.4 | 6.00 | 47.00 | 53.00 | OK |
Version: 1.4
Check: Rd files
Result: NOTE
checkRd: (-1) FMP.Rd:30: Lost braces; missing escapes or markup?
30 | \eqn{m(\theta) = b_0 + b_1 \theta + b_2 \theta^2 + b_3 \theta^3}. Acceptable values of k = {0,1,2,3}. According to
| ^
Flavors: r-devel-linux-x86_64-debian-clang, r-devel-linux-x86_64-debian-gcc