Last updated on 2023-01-28 01:50:09 CET.
Flavor | Version | Tinstall | Tcheck | Ttotal | Status | Flags |
---|---|---|---|---|---|---|
r-devel-linux-x86_64-debian-clang | 0.4-1 | 14.36 | 86.21 | 100.57 | NOTE | |
r-devel-linux-x86_64-debian-gcc | 0.4-1 | 12.01 | 64.64 | 76.65 | NOTE | |
r-devel-linux-x86_64-fedora-clang | 0.4-1 | 131.82 | NOTE | |||
r-devel-linux-x86_64-fedora-gcc | 0.4-1 | 126.03 | NOTE | |||
r-devel-windows-x86_64 | 0.4-1 | 51.00 | 122.00 | 173.00 | NOTE | |
r-patched-linux-x86_64 | 0.4-1 | 11.08 | 84.06 | 95.14 | OK | |
r-release-linux-x86_64 | 0.4-1 | 12.28 | 85.03 | 97.31 | OK | |
r-release-macos-arm64 | 0.4-1 | 35.00 | OK | |||
r-release-macos-x86_64 | 0.4-1 | 48.00 | OK | |||
r-release-windows-x86_64 | 0.4-1 | 61.00 | 166.00 | 227.00 | OK | |
r-oldrel-macos-arm64 | 0.4-1 | 43.00 | OK | |||
r-oldrel-macos-x86_64 | 0.4-1 | 74.00 | OK | |||
r-oldrel-windows-ix86+x86_64 | 0.4-1 | 30.00 | 109.00 | 139.00 | OK |
Version: 0.4-1
Check: Rd files
Result: NOTE
checkRd: (-1) MultiAsset.Rd:26: Escaped LaTeX specials: \&
Flavors: r-devel-linux-x86_64-debian-clang, r-devel-linux-x86_64-debian-gcc, r-devel-linux-x86_64-fedora-clang, r-devel-linux-x86_64-fedora-gcc, r-devel-windows-x86_64