CRAN Package Check Results for Package FRESA.CAD

Last updated on 2019-12-15 01:50:24 CET.

Flavor Version Tinstall Tcheck Ttotal Status Flags
r-devel-linux-x86_64-debian-clang 3.1.0 110.88 150.27 261.15 NOTE
r-devel-linux-x86_64-debian-gcc 3.1.0 80.27 111.82 192.09 NOTE
r-devel-linux-x86_64-fedora-clang 3.1.0 341.37 NOTE
r-devel-linux-x86_64-fedora-gcc 3.1.0 315.52 NOTE
r-devel-windows-ix86+x86_64 3.1.0 169.00 174.00 343.00 NOTE
r-devel-windows-ix86+x86_64-gcc8 3.1.0 188.00 253.00 441.00 NOTE
r-patched-linux-x86_64 3.1.0 85.02 133.28 218.30 NOTE
r-patched-solaris-x86 3.1.0 320.40 OK
r-release-linux-x86_64 3.1.0 86.05 133.11 219.16 NOTE
r-release-windows-ix86+x86_64 3.1.0 148.00 161.00 309.00 OK
r-release-osx-x86_64 3.1.0 NOTE
r-oldrel-windows-ix86+x86_64 3.1.0 145.00 163.00 308.00 OK
r-oldrel-osx-x86_64 3.1.0 NOTE

Check Details

Version: 3.1.0
Check: use of PKG_*FLAGS in Makefiles
Result: NOTE
     PKG_CFLAGS set in 'src/Makevars' without any corresponding files
     PKG_CFLAGS set in 'src/Makevars.win' without any corresponding files
Flavors: r-devel-linux-x86_64-debian-clang, r-devel-linux-x86_64-debian-gcc, r-devel-linux-x86_64-fedora-clang, r-devel-linux-x86_64-fedora-gcc, r-devel-windows-ix86+x86_64, r-devel-windows-ix86+x86_64-gcc8

Version: 3.1.0
Check: use of SHLIB_OPENMP_*FLAGS in Makefiles
Result: NOTE
     src/Makevars: SHLIB_OPENMP_CFLAGS is included in PKG_CFLAGS without any C files
     src/Makevars: SHLIB_OPENMP_CFLAGS is included in PKG_LIBS but linking is by C++
     src/Makevars.win: SHLIB_OPENMP_CFLAGS is included in PKG_CFLAGS without any C files
     src/Makevars.win: SHLIB_OPENMP_CFLAGS is included in PKG_LIBS but linking is by C++
    Use of these macros is discussed in sect 1.2.1.1 of 'Writing R
    Extensions'. The macros for different languages may differ so the
    matching macro must be used in PKG_CXXFLAGS (etc) and match that used
    in PKG_LIBS (except for Fortran: see the manual).
Flavors: r-devel-linux-x86_64-debian-clang, r-devel-linux-x86_64-debian-gcc, r-devel-linux-x86_64-fedora-clang, r-devel-linux-x86_64-fedora-gcc, r-patched-linux-x86_64, r-release-linux-x86_64

Version: 3.1.0
Check: installed package size
Result: NOTE
     installed size is 9.2Mb
     sub-directories of 1Mb or more:
     doc 1.4Mb
     libs 6.9Mb
Flavors: r-devel-linux-x86_64-fedora-clang, r-devel-windows-ix86+x86_64-gcc8, r-release-osx-x86_64, r-oldrel-osx-x86_64