CRAN Package Check Results for Package FRESA.CAD

Last updated on 2020-07-15 01:48:25 CEST.

Flavor Version Tinstall Tcheck Ttotal Status Flags
r-devel-linux-x86_64-debian-clang 3.1.0 112.86 153.75 266.61 NOTE
r-devel-linux-x86_64-debian-gcc 3.1.0 93.00 113.92 206.92 NOTE
r-devel-linux-x86_64-fedora-clang 3.1.0 347.87 NOTE
r-devel-linux-x86_64-fedora-gcc 3.1.0 341.91 NOTE
r-devel-windows-ix86+x86_64 3.1.0 253.00 267.00 520.00 NOTE
r-patched-linux-x86_64 3.1.0 76.15 151.10 227.25 NOTE
r-patched-solaris-x86 3.1.0 344.50 NOTE
r-release-linux-x86_64 3.1.0 72.63 149.57 222.20 NOTE
r-release-macos-x86_64 3.1.0 ERROR
r-release-windows-ix86+x86_64 3.1.0 265.00 258.00 523.00 NOTE
r-oldrel-macos-x86_64 3.1.0 NOTE
r-oldrel-windows-ix86+x86_64 3.1.0 255.00 258.00 513.00 OK

Check Details

Version: 3.1.0
Check: use of PKG_*FLAGS in Makefiles
Result: NOTE
     PKG_CFLAGS set in 'src/Makevars' without any corresponding files
     PKG_CFLAGS set in 'src/Makevars.win' without any corresponding files
Flavors: r-devel-linux-x86_64-debian-clang, r-devel-linux-x86_64-debian-gcc, r-devel-linux-x86_64-fedora-clang, r-devel-linux-x86_64-fedora-gcc, r-devel-windows-ix86+x86_64, r-patched-linux-x86_64, r-patched-solaris-x86, r-release-linux-x86_64, r-release-windows-ix86+x86_64

Version: 3.1.0
Check: use of SHLIB_OPENMP_*FLAGS in Makefiles
Result: NOTE
     src/Makevars: SHLIB_OPENMP_CFLAGS is included in PKG_CFLAGS without any C files
     src/Makevars: SHLIB_OPENMP_CFLAGS is included in PKG_LIBS but linking is by C++
     src/Makevars.win: SHLIB_OPENMP_CFLAGS is included in PKG_CFLAGS without any C files
     src/Makevars.win: SHLIB_OPENMP_CFLAGS is included in PKG_LIBS but linking is by C++
    Use of these macros is discussed in sect 1.2.1.1 of 'Writing R
    Extensions'. The macros for different languages may differ so the
    matching macro must be used in PKG_CXXFLAGS (etc) and match that used
    in PKG_LIBS (except for Fortran: see the manual).
Flavors: r-devel-linux-x86_64-debian-clang, r-devel-linux-x86_64-debian-gcc, r-devel-linux-x86_64-fedora-clang, r-devel-linux-x86_64-fedora-gcc, r-patched-linux-x86_64, r-release-linux-x86_64

Version: 3.1.0
Check: installed package size
Result: NOTE
     installed size is 10.0Mb
     sub-directories of 1Mb or more:
     doc 1.4Mb
     libs 7.7Mb
Flavors: r-devel-linux-x86_64-fedora-clang, r-devel-windows-ix86+x86_64, r-release-windows-ix86+x86_64, r-oldrel-macos-x86_64

Version: 3.1.0
Check: whether package can be installed
Result: ERROR
    Installation failed.
Flavor: r-release-macos-x86_64