Last updated on 2023-02-06 00:52:30 CET.
Flavor | Version | Tinstall | Tcheck | Ttotal | Status | Flags |
---|---|---|---|---|---|---|
r-devel-linux-x86_64-debian-clang | 2.1.5 | 156.37 | 607.78 | 764.15 | NOTE | |
r-devel-linux-x86_64-debian-gcc | 2.1.5 | 135.51 | 456.24 | 591.75 | NOTE | |
r-devel-linux-x86_64-fedora-clang | 2.1.5 | 963.55 | NOTE | |||
r-devel-linux-x86_64-fedora-gcc | 2.1.5 | 1032.74 | NOTE | |||
r-devel-windows-x86_64 | 2.1.5 | 172.00 | 366.00 | 538.00 | NOTE | --no-vignettes |
r-patched-linux-x86_64 | 2.1.5 | 142.95 | 575.51 | 718.46 | NOTE | |
r-release-linux-x86_64 | 2.1.5 | 143.66 | 582.87 | 726.53 | NOTE | |
r-release-macos-arm64 | 2.1.5 | 181.00 | NOTE | |||
r-release-macos-x86_64 | 2.1.5 | 338.00 | NOTE | |||
r-release-windows-x86_64 | 2.1.3 | 159.00 | 370.00 | 529.00 | NOTE | --no-vignettes |
r-oldrel-macos-arm64 | 2.1.5 | 185.00 | NOTE | |||
r-oldrel-macos-x86_64 | 2.1.5 | 337.00 | NOTE | |||
r-oldrel-windows-ix86+x86_64 | 2.1.5 | 268.00 | 338.00 | 606.00 | NOTE | --no-vignettes |
Version: 2.1.5
Check: package dependencies
Result: NOTE
Packages suggested but not available for checking: 'dggrids', 'INLA'
Flavors: r-devel-linux-x86_64-debian-clang, r-devel-linux-x86_64-debian-gcc, r-patched-linux-x86_64, r-release-linux-x86_64, r-release-macos-arm64, r-release-macos-x86_64, r-oldrel-macos-arm64, r-oldrel-macos-x86_64
Version: 2.1.5
Check: package dependencies
Result: NOTE
Package suggested but not available for checking: ‘dggrids’
Flavors: r-devel-linux-x86_64-fedora-clang, r-devel-linux-x86_64-fedora-gcc
Version: 2.1.5
Check: installed package size
Result: NOTE
installed size is 9.4Mb
sub-directories of 1Mb or more:
data 5.0Mb
doc 1.8Mb
libs 1.6Mb
Flavors: r-devel-linux-x86_64-fedora-clang, r-release-macos-arm64, r-release-macos-x86_64, r-oldrel-macos-arm64, r-oldrel-macos-x86_64
Version: 2.1.5
Flags: --no-vignettes
Check: package dependencies
Result: NOTE
Packages suggested but not available for checking: 'dggrids', 'INLA'
Flavor: r-devel-windows-x86_64
Version: 2.1.5
Flags: --no-vignettes
Check: installed package size
Result: NOTE
installed size is 20.6Mb
sub-directories of 1Mb or more:
data 5.0Mb
doc 1.7Mb
libs 12.9Mb
Flavors: r-devel-windows-x86_64, r-oldrel-windows-ix86+x86_64
Version: 2.1.3
Flags: --no-vignettes
Check: package dependencies
Result: NOTE
Packages suggested but not available for checking: 'dggrids', 'INLA'
Flavor: r-release-windows-x86_64
Version: 2.1.3
Flags: --no-vignettes
Check: installed package size
Result: NOTE
installed size is 20.6Mb
sub-directories of 1Mb or more:
data 5.0Mb
doc 1.7Mb
libs 12.9Mb
Flavor: r-release-windows-x86_64
Version: 2.1.5
Flags: --no-vignettes
Check: package dependencies
Result: NOTE
Package suggested but not available for checking: 'dggrids'
Flavor: r-oldrel-windows-ix86+x86_64