Last updated on 2023-05-28 07:57:30 CEST.
Flavor | Version | Tinstall | Tcheck | Ttotal | Status | Flags |
---|---|---|---|---|---|---|
r-devel-linux-x86_64-debian-clang | 0.3.11 | 110.71 | 66.64 | 177.35 | OK | |
r-devel-linux-x86_64-debian-gcc | 0.3.11 | 97.49 | 52.32 | 149.81 | OK | |
r-devel-linux-x86_64-fedora-clang | 0.3.11 | 255.64 | OK | |||
r-devel-linux-x86_64-fedora-gcc | 0.3.11 | 291.00 | OK | |||
r-devel-windows-x86_64 | 0.3.11 | 85.00 | 104.00 | 189.00 | OK | |
r-patched-linux-x86_64 | 0.3.11 | 76.43 | 65.79 | 142.22 | OK | |
r-release-linux-x86_64 | 0.3.11 | 70.89 | 66.19 | 137.08 | OK | |
r-release-macos-arm64 | 0.3.11 | 77.00 | NOTE | |||
r-release-macos-x86_64 | 0.3.8 | 129.00 | NOTE | |||
r-release-windows-x86_64 | 0.3.11 | 111.00 | 121.00 | 232.00 | OK | |
r-oldrel-macos-arm64 | 0.3.11 | 74.00 | NOTE | |||
r-oldrel-macos-x86_64 | 0.3.11 | 95.00 | NOTE | |||
r-oldrel-windows-x86_64 | 0.3.11 | 101.00 | 110.00 | 211.00 | OK |
Version: 0.3.11
Check: package dependencies
Result: NOTE
Package suggested but not available for checking: ‘RTCGA.rnaseq’
Flavors: r-release-macos-arm64, r-oldrel-macos-arm64, r-oldrel-macos-x86_64
Version: 0.3.11
Check: installed package size
Result: NOTE
installed size is 10.6Mb
sub-directories of 1Mb or more:
libs 10.2Mb
Flavors: r-release-macos-arm64, r-oldrel-macos-arm64, r-oldrel-macos-x86_64
Version: 0.3.8
Check: package dependencies
Result: NOTE
Package suggested but not available for checking: ‘RTCGA.rnaseq’
Flavor: r-release-macos-x86_64
Version: 0.3.8
Check: C++ specification
Result: NOTE
Specified C++11: please drop specification unless essential
Flavor: r-release-macos-x86_64
Version: 0.3.8
Check: installed package size
Result: NOTE
installed size is 9.7Mb
sub-directories of 1Mb or more:
libs 9.3Mb
Flavor: r-release-macos-x86_64
Version: 0.3.8
Check: LazyData
Result: NOTE
'LazyData' is specified without a 'data' directory
Flavor: r-release-macos-x86_64