CRAN Package Check Results for Package FSinR

Last updated on 2021-06-22 01:49:15 CEST.

Flavor Version Tinstall Tcheck Ttotal Status Flags
r-devel-linux-x86_64-debian-clang 2.0.5 19.72 337.16 356.88 OK
r-devel-linux-x86_64-debian-gcc 2.0.5 15.99 242.22 258.21 OK
r-devel-linux-x86_64-fedora-clang 2.0.5 413.03 NOTE
r-devel-linux-x86_64-fedora-gcc 2.0.5 407.10 NOTE
r-devel-windows-x86_64 2.0.5 27.00 370.00 397.00 OK
r-devel-windows-x86_64-gcc10-UCRT 2.0.5 NOTE
r-patched-linux-x86_64 2.0.5 18.92 315.50 334.42 OK
r-patched-solaris-x86 2.0.5 510.30 NOTE
r-release-linux-x86_64 2.0.5 20.14 313.07 333.21 OK
r-release-macos-arm64 2.0.5 NOTE
r-release-macos-x86_64 2.0.5 NOTE
r-release-windows-ix86+x86_64 2.0.5 39.00 381.00 420.00 OK
r-oldrel-macos-x86_64 2.0.5 NOTE

Check Details

Version: 2.0.5
Check: dependencies in R code
Result: NOTE
    Namespaces in Imports field not imported from:
     ‘class’ ‘mlbench’ ‘neuralnet’ ‘rpart’
     All declared Imports should be used.
Flavors: r-devel-linux-x86_64-fedora-clang, r-devel-linux-x86_64-fedora-gcc, r-devel-windows-x86_64-gcc10-UCRT, r-patched-solaris-x86, r-release-macos-arm64, r-release-macos-x86_64, r-oldrel-macos-x86_64