CRAN Package Check Results for Package FactoClass

Last updated on 2021-01-28 00:47:22 CET.

Flavor Version Tinstall Tcheck Ttotal Status Flags
r-devel-linux-x86_64-debian-clang 1.2.7 8.88 68.76 77.64 NOTE
r-devel-linux-x86_64-debian-gcc 1.2.7 NOTE
r-devel-linux-x86_64-fedora-clang 1.2.7 109.61 NOTE
r-devel-linux-x86_64-fedora-gcc 1.2.7 94.04 NOTE
r-devel-windows-ix86+x86_64 1.2.7 24.00 128.00 152.00 OK
r-patched-linux-x86_64 1.2.7 7.45 64.49 71.94 NOTE
r-patched-solaris-x86 1.2.7 125.80 NOTE
r-release-linux-x86_64 1.2.7 8.83 64.43 73.26 NOTE
r-release-macos-x86_64 1.2.7 OK
r-release-windows-ix86+x86_64 1.2.7 24.00 88.00 112.00 OK
r-oldrel-macos-x86_64 1.2.7 OK
r-oldrel-windows-ix86+x86_64 1.2.7 31.00 112.00 143.00 OK

Check Details

Version: 1.2.7
Check: for non-standard things in the check directory
Result: NOTE
    Found the following files/directories:
     'Bogota.tex' 'DogBreeds1.tex'
Flavors: r-devel-linux-x86_64-debian-clang, r-devel-linux-x86_64-debian-gcc, r-devel-linux-x86_64-fedora-clang, r-devel-linux-x86_64-fedora-gcc, r-patched-linux-x86_64, r-patched-solaris-x86, r-release-linux-x86_64