CRAN Package Check Results for Package FactorsR

Last updated on 2023-02-07 00:54:16 CET.

Flavor Version Tinstall Tcheck Ttotal Status Flags
r-devel-linux-x86_64-debian-clang 1.5 4.36 45.08 49.44 OK
r-devel-linux-x86_64-debian-gcc 1.5 2.79 34.27 37.06 OK
r-devel-linux-x86_64-fedora-clang 1.5 64.52 NOTE
r-devel-linux-x86_64-fedora-gcc 1.5 58.60 NOTE
r-devel-windows-x86_64 1.5 16.00 74.00 90.00 OK
r-patched-linux-x86_64 1.5 3.71 44.90 48.61 OK
r-release-linux-x86_64 1.5 2.62 44.37 46.99 OK
r-release-macos-arm64 1.5 20.00 NOTE
r-release-macos-x86_64 1.5 31.00 NOTE
r-release-windows-x86_64 1.5 17.00 77.00 94.00 OK
r-oldrel-macos-arm64 1.5 23.00 NOTE
r-oldrel-macos-x86_64 1.5 30.00 NOTE
r-oldrel-windows-ix86+x86_64 1.5 7.00 69.00 76.00 OK

Check Details

Version: 1.5
Check: Rd cross-references
Result: NOTE
    Undeclared package ‘SciViews’ in Rd xrefs
Flavor: r-devel-linux-x86_64-fedora-clang

Version: 1.5
Check: data for non-ASCII characters
Result: NOTE
     Note: found 5 marked Latin-1 strings
Flavors: r-devel-linux-x86_64-fedora-clang, r-devel-linux-x86_64-fedora-gcc, r-release-macos-arm64, r-release-macos-x86_64, r-oldrel-macos-arm64, r-oldrel-macos-x86_64