CRAN Package Check Results for Package FactorsR

Last updated on 2020-02-29 01:51:06 CET.

Flavor Version Tinstall Tcheck Ttotal Status Flags
r-devel-linux-x86_64-debian-clang 1.4 3.46 32.07 35.53 OK
r-devel-linux-x86_64-debian-gcc 1.4 2.73 24.94 27.67 OK
r-devel-linux-x86_64-fedora-clang 1.4 43.26 NOTE
r-devel-linux-x86_64-fedora-gcc 1.4 42.99 NOTE
r-devel-windows-ix86+x86_64 1.4 10.00 72.00 82.00 OK
r-devel-windows-ix86+x86_64-gcc8 1.4 8.00 42.00 50.00 OK
r-patched-linux-x86_64 1.4 3.17 29.06 32.23 OK
r-patched-solaris-x86 1.4 56.00 NOTE
r-release-linux-x86_64 1.4 3.24 28.47 31.71 OK
r-release-windows-ix86+x86_64 1.4 6.00 57.00 63.00 OK
r-release-osx-x86_64 1.4 NOTE
r-oldrel-windows-ix86+x86_64 1.4 5.00 40.00 45.00 OK
r-oldrel-osx-x86_64 1.4 NOTE

Check Details

Version: 1.4
Check: data for non-ASCII characters
Result: NOTE
     Note: found 5 marked Latin-1 strings
Flavors: r-devel-linux-x86_64-fedora-clang, r-devel-linux-x86_64-fedora-gcc, r-patched-solaris-x86, r-release-osx-x86_64, r-oldrel-osx-x86_64