CRAN Package Check Results for Package Factoshiny

Last updated on 2021-01-16 00:47:28 CET.

Flavor Version Tinstall Tcheck Ttotal Status Flags
r-devel-linux-x86_64-debian-clang 2.3 10.69 78.28 88.97 OK
r-devel-linux-x86_64-debian-gcc 2.3 8.07 59.95 68.02 OK
r-devel-linux-x86_64-fedora-clang 2.3 116.14 OK
r-devel-linux-x86_64-fedora-gcc 2.3 108.04 OK
r-devel-windows-ix86+x86_64 2.3 16.00 81.00 97.00 OK
r-patched-linux-x86_64 2.3 10.32 72.83 83.15 OK
r-patched-solaris-x86 2.3 158.30 OK
r-release-linux-x86_64 2.3 10.32 75.11 85.43 OK
r-release-macos-x86_64 2.3 OK
r-release-windows-ix86+x86_64 2.3 19.00 89.00 108.00 OK
r-oldrel-macos-x86_64 2.3 WARN
r-oldrel-windows-ix86+x86_64 2.3 13.00 73.00 86.00 OK

Check Details

Version: 2.3
Check: dependencies in R code
Result: NOTE
    No protocol specified
    No protocol specified
Flavor: r-oldrel-macos-x86_64

Version: 2.3
Check: S3 generic/method consistency
Result: WARN
    No protocol specified
    No protocol specified
    See section ‘Generic functions and methods’ in the ‘Writing R
    Extensions’ manual.
Flavor: r-oldrel-macos-x86_64

Version: 2.3
Check: replacement functions
Result: WARN
    No protocol specified
    No protocol specified
    The argument of a replacement function which corresponds to the right
    hand side must be named ‘value’.
Flavor: r-oldrel-macos-x86_64

Version: 2.3
Check: foreign function calls
Result: NOTE
    No protocol specified
    No protocol specified
    See chapter ‘System and foreign language interfaces’ in the ‘Writing R
    Extensions’ manual.
Flavor: r-oldrel-macos-x86_64

Version: 2.3
Check: R code for possible problems
Result: NOTE
    No protocol specified
    No protocol specified
Flavor: r-oldrel-macos-x86_64

Version: 2.3
Check: for missing documentation entries
Result: WARN
    No protocol specified
    No protocol specified
    All user-level objects in a package should have documentation entries.
    See chapter ‘Writing R documentation files’ in the ‘Writing R
    Extensions’ manual.
Flavor: r-oldrel-macos-x86_64

Version: 2.3
Check: for code/documentation mismatches
Result: WARN
    No protocol specified
    No protocol specified
    No protocol specified
    No protocol specified
    No protocol specified
    No protocol specified
Flavor: r-oldrel-macos-x86_64

Version: 2.3
Check: Rd \usage sections
Result: NOTE
    No protocol specified
    No protocol specified
    The \usage entries for S3 methods should use the \method markup and not
    their full name.
    See chapter ‘Writing R documentation files’ in the ‘Writing R
    Extensions’ manual.
Flavor: r-oldrel-macos-x86_64