CRAN Package Check Results for Package FastRCS

Last updated on 2023-02-02 00:54:43 CET.

Flavor Version Tinstall Tcheck Ttotal Status Flags
r-devel-linux-x86_64-debian-clang 0.0.8 28.57 25.95 54.52 NOTE
r-devel-linux-x86_64-debian-gcc 0.0.8 26.86 22.70 49.56 NOTE
r-devel-linux-x86_64-fedora-clang 0.0.8 81.24 NOTE
r-devel-linux-x86_64-fedora-gcc 0.0.8 82.67 NOTE
r-devel-windows-x86_64 0.0.8 33.00 80.00 113.00 NOTE
r-patched-linux-x86_64 0.0.8 34.63 27.58 62.21 OK
r-release-linux-x86_64 0.0.8 32.11 28.45 60.56 OK
r-release-macos-arm64 0.0.8 34.00 NOTE
r-release-macos-x86_64 0.0.8 39.00 NOTE
r-release-windows-x86_64 0.0.8 32.00 77.00 109.00 OK
r-oldrel-macos-arm64 0.0.8 41.00 NOTE
r-oldrel-macos-x86_64 0.0.8 54.00 NOTE
r-oldrel-windows-ix86+x86_64 0.0.8 74.00 81.00 155.00 OK

Check Details

Version: 0.0.8
Check: C++ specification
Result: NOTE
     Specified C++11: please update to current default of C++17
Flavors: r-devel-linux-x86_64-debian-clang, r-devel-linux-x86_64-debian-gcc, r-devel-linux-x86_64-fedora-clang, r-devel-linux-x86_64-fedora-gcc, r-devel-windows-x86_64

Version: 0.0.8
Check: Rd files
Result: NOTE
    checkRd: (-1) Lemons.Rd:3: Escaped LaTeX specials: \&
    checkRd: (-1) Lemons.Rd:5: Escaped LaTeX specials: \&
Flavors: r-devel-linux-x86_64-debian-clang, r-devel-linux-x86_64-debian-gcc, r-devel-linux-x86_64-fedora-clang, r-devel-linux-x86_64-fedora-gcc, r-devel-windows-x86_64

Version: 0.0.8
Check: installed package size
Result: NOTE
     installed size is 17.8Mb
     sub-directories of 1Mb or more:
     libs 17.7Mb
Flavors: r-release-macos-arm64, r-release-macos-x86_64, r-oldrel-macos-arm64, r-oldrel-macos-x86_64