CRAN Package Check Results for Package FastRCS

Last updated on 2021-09-26 01:49:51 CEST.

Flavor Version Tinstall Tcheck Ttotal Status Flags
r-devel-linux-x86_64-debian-clang 0.0.8 41.66 27.60 69.26 OK
r-devel-linux-x86_64-debian-gcc 0.0.8 28.86 23.17 52.03 OK
r-devel-linux-x86_64-fedora-clang 0.0.8 92.70 NOTE
r-devel-linux-x86_64-fedora-gcc 0.0.8 80.61 OK
r-devel-windows-x86_64 0.0.8 29.00 41.00 70.00 OK
r-devel-windows-x86_64-gcc10-UCRT 0.0.8 OK
r-patched-linux-x86_64 0.0.8 31.60 28.54 60.14 OK
r-patched-solaris-x86 0.0.8 92.00 OK
r-release-linux-x86_64 0.0.8 31.88 28.37 60.25 OK
r-release-macos-arm64 0.0.8 NOTE
r-release-macos-x86_64 0.0.8 NOTE
r-release-windows-ix86+x86_64 0.0.8 74.00 68.00 142.00 OK
r-oldrel-macos-x86_64 0.0.8 NOTE
r-oldrel-windows-ix86+x86_64 0.0.8 55.00 54.00 109.00 OK

Check Details

Version: 0.0.8
Check: installed package size
Result: NOTE
     installed size is 16.9Mb
     sub-directories of 1Mb or more:
     libs 16.8Mb
Flavors: r-devel-linux-x86_64-fedora-clang, r-release-macos-arm64, r-release-macos-x86_64, r-oldrel-macos-x86_64