CRAN Package Check Results for Package FateID

Last updated on 2019-10-13 01:46:13 CEST.

Flavor Version Tinstall Tcheck Ttotal Status Flags
r-devel-linux-x86_64-debian-clang 0.1.9 10.41 178.26 188.67 OK
r-devel-linux-x86_64-debian-gcc 0.1.9 8.79 139.32 148.11 OK
r-devel-linux-x86_64-fedora-clang 0.1.9 311.01 NOTE
r-devel-linux-x86_64-fedora-gcc 0.1.9 332.68 OK
r-devel-windows-ix86+x86_64 0.1.9 25.00 197.00 222.00 OK
r-patched-linux-x86_64 0.1.9 9.20 171.81 181.01 OK
r-patched-solaris-x86 0.1.9 399.10 NOTE
r-release-linux-x86_64 0.1.9 10.43 174.28 184.71 OK
r-release-windows-ix86+x86_64 0.1.9 35.00 275.00 310.00 OK
r-release-osx-x86_64 0.1.9 WARN
r-oldrel-windows-ix86+x86_64 0.1.9 14.00 194.00 208.00 OK
r-oldrel-osx-x86_64 0.1.9 OK

Check Details

Version: 0.1.9
Check: installed package size
Result: NOTE
     installed size is 5.0Mb
     sub-directories of 1Mb or more:
     doc 4.4Mb
Flavors: r-devel-linux-x86_64-fedora-clang, r-patched-solaris-x86

Version: 0.1.9
Check: package dependencies
Result: NOTE
    Packages suggested but not available for checking: 'DESeq2', 'destiny'
Flavor: r-release-osx-x86_64

Version: 0.1.9
Check: re-building of vignette outputs
Result: WARN
    Error(s) in re-building vignettes:
     ...
    --- re-building ‘FateID.Rmd’ using rmarkdown
    Warning in engine$weave(file, quiet = quiet, encoding = enc) :
     Pandoc (>= 1.12.3) and/or pandoc-citeproc not available. Falling back to R Markdown v1.
    Quitting from lines 141-142 (FateID.Rmd)
    Error: processing vignette 'FateID.Rmd' failed with diagnostics:
    there is no package called 'destiny'
    --- failed re-building ‘FateID.Rmd’
    
    SUMMARY: processing the following file failed:
     ‘FateID.Rmd’
    
    Error: Vignette re-building failed.
    Execution halted
Flavor: r-release-osx-x86_64