CRAN Package Check Results for Package FateID

Last updated on 2020-02-19 01:49:29 CET.

Flavor Version Tinstall Tcheck Ttotal Status Flags
r-devel-linux-x86_64-debian-clang 0.1.9 9.10 117.41 126.51 WARN
r-devel-linux-x86_64-debian-gcc 0.1.9 8.29 135.73 144.02 OK
r-devel-linux-x86_64-fedora-clang 0.1.9 288.65 NOTE
r-devel-linux-x86_64-fedora-gcc 0.1.9 311.00 OK
r-devel-windows-ix86+x86_64 0.1.9 12.00 167.00 179.00 OK
r-devel-windows-ix86+x86_64-gcc8 0.1.9 36.00 235.00 271.00 OK
r-patched-linux-x86_64 0.1.9 8.95 163.66 172.61 OK
r-patched-solaris-x86 0.1.9 312.30 NOTE
r-release-linux-x86_64 0.1.9 8.08 162.33 170.41 OK
r-release-windows-ix86+x86_64 0.1.9 11.00 158.00 169.00 OK
r-release-osx-x86_64 0.1.9 WARN
r-oldrel-windows-ix86+x86_64 0.1.9 8.00 156.00 164.00 OK
r-oldrel-osx-x86_64 0.1.9 OK

Check Details

Version: 0.1.9
Check: package dependencies
Result: NOTE
    Packages suggested but not available for checking: 'DESeq2', 'destiny'
Flavors: r-devel-linux-x86_64-debian-clang, r-release-osx-x86_64

Version: 0.1.9
Check: re-building of vignette outputs
Result: WARN
    Error(s) in re-building vignettes:
     ...
    --- re-building 'FateID.Rmd' using rmarkdown
    Quitting from lines 141-142 (FateID.Rmd)
    Error: processing vignette 'FateID.Rmd' failed with diagnostics:
    there is no package called 'destiny'
    --- failed re-building 'FateID.Rmd'
    
    SUMMARY: processing the following file failed:
     'FateID.Rmd'
    
    Error: Vignette re-building failed.
    Execution halted
Flavor: r-devel-linux-x86_64-debian-clang

Version: 0.1.9
Check: installed package size
Result: NOTE
     installed size is 5.0Mb
     sub-directories of 1Mb or more:
     doc 4.4Mb
Flavors: r-devel-linux-x86_64-fedora-clang, r-patched-solaris-x86

Version: 0.1.9
Check: re-building of vignette outputs
Result: WARN
    Error(s) in re-building vignettes:
     ...
    --- re-building ‘FateID.Rmd’ using rmarkdown
    Warning in engine$weave(file, quiet = quiet, encoding = enc) :
     Pandoc (>= 1.12.3) and/or pandoc-citeproc not available. Falling back to R Markdown v1.
    Quitting from lines 141-142 (FateID.Rmd)
    Error: processing vignette 'FateID.Rmd' failed with diagnostics:
    there is no package called 'destiny'
    --- failed re-building ‘FateID.Rmd’
    
    SUMMARY: processing the following file failed:
     ‘FateID.Rmd’
    
    Error: Vignette re-building failed.
    Execution halted
Flavor: r-release-osx-x86_64