CRAN Package Check Results for Package FeatureHashing

Last updated on 2023-11-30 07:52:34 CET.

Flavor Version Tinstall Tcheck Ttotal Status Flags
r-devel-linux-x86_64-debian-clang 0.9.1.5 90.35 134.04 224.39 NOTE
r-devel-linux-x86_64-debian-gcc 0.9.1.5 60.91 101.50 162.41 NOTE
r-devel-linux-x86_64-fedora-clang 0.9.1.5 298.99 NOTE
r-devel-linux-x86_64-fedora-gcc 0.9.1.5 302.23 NOTE
r-devel-windows-x86_64 0.9.1.5 64.00 136.00 200.00 NOTE
r-patched-linux-x86_64 0.9.1.5 68.00 130.39 198.39 NOTE
r-release-linux-x86_64 0.9.1.5 73.19 129.21 202.40 NOTE
r-release-macos-arm64 0.9.1.5 93.00 NOTE
r-release-macos-x86_64 0.9.1.5 170.00 NOTE
r-release-windows-x86_64 0.9.1.5 82.00 166.00 248.00 NOTE
r-oldrel-macos-arm64 0.9.1.5 87.00 OK
r-oldrel-macos-x86_64 0.9.1.5 107.00 OK
r-oldrel-windows-x86_64 0.9.1.5 81.00 159.00 240.00 OK

Check Details

Version: 0.9.1.5
Check: C++ specification
Result: NOTE Specified C++11: please drop specification unless essential Flavors: r-devel-linux-x86_64-debian-clang, r-devel-linux-x86_64-debian-gcc, r-devel-linux-x86_64-fedora-clang, r-devel-linux-x86_64-fedora-gcc, r-devel-windows-x86_64, r-patched-linux-x86_64, r-release-linux-x86_64, r-release-macos-arm64, r-release-macos-x86_64, r-release-windows-x86_64