Last updated on 2022-06-28 01:51:32 CEST.
Flavor | Version | Tinstall | Tcheck | Ttotal | Status | Flags |
---|---|---|---|---|---|---|
r-devel-linux-x86_64-debian-clang | 0.1.0 | 26.25 | 176.98 | 203.23 | OK | |
r-devel-linux-x86_64-debian-gcc | 0.1.0 | 18.27 | 124.60 | 142.87 | OK | |
r-devel-linux-x86_64-fedora-clang | 0.1.0 | 239.57 | NOTE | |||
r-devel-linux-x86_64-fedora-gcc | 0.1.0 | 238.79 | NOTE | |||
r-devel-windows-x86_64 | 0.1.0 | 53.00 | 176.00 | 229.00 | OK | |
r-patched-linux-x86_64 | 0.1.0 | 21.36 | 164.82 | 186.18 | OK | |
r-release-linux-x86_64 | 0.1.0 | 22.45 | 164.30 | 186.75 | OK | |
r-release-macos-arm64 | 0.1.0 | 55.00 | NOTE | |||
r-release-macos-x86_64 | 0.1.0 | 92.00 | NOTE | |||
r-release-windows-x86_64 | 0.1.0 | 74.00 | 184.00 | 258.00 | OK | |
r-oldrel-macos-arm64 | 0.1.0 | 67.00 | NOTE | |||
r-oldrel-macos-x86_64 | 0.1.0 | 95.00 | NOTE | |||
r-oldrel-windows-ix86+x86_64 | 0.1.0 | 47.00 | 195.00 | 242.00 | OK |
Version: 0.1.0
Check: dependencies in R code
Result: NOTE
Namespaces in Imports field not imported from:
‘attempt’ ‘glue’
All declared Imports should be used.
Flavors: r-devel-linux-x86_64-fedora-clang, r-devel-linux-x86_64-fedora-gcc, r-release-macos-arm64, r-release-macos-x86_64, r-oldrel-macos-arm64, r-oldrel-macos-x86_64