Last updated on 2023-03-25 07:02:19 CET.
Flavor | Version | Tinstall | Tcheck | Ttotal | Status | Flags |
---|---|---|---|---|---|---|
r-devel-linux-x86_64-debian-clang | 1.5.1 | 3.74 | 44.01 | 47.75 | NOTE | |
r-devel-linux-x86_64-debian-gcc | 1.5.1 | 3.37 | 34.97 | 38.34 | NOTE | |
r-devel-linux-x86_64-fedora-clang | 1.5.1 | 62.32 | NOTE | |||
r-devel-linux-x86_64-fedora-gcc | 1.5.1 | 59.44 | NOTE | |||
r-devel-windows-x86_64 | 1.5.1 | 15.00 | 77.00 | 92.00 | OK | |
r-patched-linux-x86_64 | 1.5.1 | 4.20 | 44.57 | 48.77 | NOTE | |
r-release-linux-x86_64 | 1.5.1 | 4.04 | 43.99 | 48.03 | NOTE | |
r-release-macos-arm64 | 1.5.1 | 22.00 | OK | |||
r-release-macos-x86_64 | 1.5.1 | 29.00 | OK | |||
r-release-windows-x86_64 | 1.5.1 | 20.00 | 77.00 | 97.00 | OK | |
r-oldrel-macos-arm64 | 1.5.1 | 25.00 | OK | |||
r-oldrel-macos-x86_64 | 1.5.1 | 39.00 | OK | |||
r-oldrel-windows-ix86+x86_64 | 1.5.1 | 8.00 | 97.00 | 105.00 | OK |
Version: 1.5.1
Check: package dependencies
Result: NOTE
Package suggested but not available for checking: ‘diveRsity’
Flavors: r-devel-linux-x86_64-debian-clang, r-devel-linux-x86_64-debian-gcc, r-devel-linux-x86_64-fedora-clang, r-devel-linux-x86_64-fedora-gcc, r-patched-linux-x86_64, r-release-linux-x86_64
Version: 1.5.1
Check: Rd cross-references
Result: NOTE
Unknown package ‘diveRsity’ in Rd xrefs
Flavors: r-devel-linux-x86_64-debian-clang, r-devel-linux-x86_64-debian-gcc, r-devel-linux-x86_64-fedora-clang, r-devel-linux-x86_64-fedora-gcc, r-patched-linux-x86_64, r-release-linux-x86_64
Version: 1.5.1
Check: for non-standard things in the check directory
Result: NOTE
Found the following files/directories:
‘AH_genepop.txt’ ‘AH_popname.txt’ ‘JSM_MS_freq.txt’
‘JSM_MS_genepop.txt’ ‘JSM_genepop_clipped_both.txt’
‘JSM_genepop_clipped_maf.txt’ ‘JSM_genepop_clipped_name.txt’
‘JSM_mtDNA_freq.txt’ ‘JSM_popname.txt’ ‘result_DJ.csv’
‘result_EBDJ.csv’ ‘result_EBFST.csv’ ‘result_EBFST_mtDNA.csv’
‘result_EBGstH.csv’ ‘result_GstH.csv’ ‘result_GstN.csv’
‘result_GstNC.csv’ ‘result_thetaWCpair.csv’
Flavors: r-devel-linux-x86_64-debian-clang, r-devel-linux-x86_64-debian-gcc, r-devel-linux-x86_64-fedora-clang, r-devel-linux-x86_64-fedora-gcc, r-patched-linux-x86_64, r-release-linux-x86_64