CRAN Package Check Results for Package Fiscore

Last updated on 2022-07-03 01:48:54 CEST.

Flavor Version Tinstall Tcheck Ttotal Status Flags
r-devel-linux-x86_64-debian-clang 0.1.3 4.14 70.24 74.38 OK
r-devel-linux-x86_64-debian-gcc 0.1.3 3.15 51.80 54.95 OK
r-devel-linux-x86_64-fedora-clang 0.1.3 97.73 NOTE
r-devel-linux-x86_64-fedora-gcc 0.1.3 96.03 NOTE
r-devel-windows-x86_64 0.1.3 21.00 109.00 130.00 NOTE
r-patched-linux-x86_64 0.1.3 3.54 67.68 71.22 OK
r-release-linux-x86_64 0.1.3 4.18 64.51 68.69 OK
r-release-macos-arm64 0.1.3 35.00 NOTE
r-release-macos-x86_64 0.1.3 51.00 NOTE
r-release-windows-x86_64 0.1.3 14.00 152.00 166.00 NOTE
r-oldrel-macos-arm64 0.1.3 210.00 NOTE
r-oldrel-macos-x86_64 0.1.3 59.00 NOTE
r-oldrel-windows-ix86+x86_64 0.1.3 13.00 105.00 118.00 NOTE

Check Details

Version: 0.1.3
Check: installed package size
Result: NOTE
     installed size is 6.8Mb
     sub-directories of 1Mb or more:
     doc 5.8Mb
Flavors: r-devel-linux-x86_64-fedora-clang, r-devel-windows-x86_64, r-release-macos-arm64, r-release-macos-x86_64, r-release-windows-x86_64, r-oldrel-macos-arm64, r-oldrel-macos-x86_64, r-oldrel-windows-ix86+x86_64

Version: 0.1.3
Check: dependencies in R code
Result: NOTE
    Namespaces in Imports field not imported from:
     ‘knitr’ ‘rmarkdown’
     All declared Imports should be used.
Flavors: r-devel-linux-x86_64-fedora-clang, r-devel-linux-x86_64-fedora-gcc, r-release-macos-arm64, r-release-macos-x86_64, r-oldrel-macos-arm64, r-oldrel-macos-x86_64