CRAN Package Check Results for Package FixSeqMTP

Last updated on 2021-12-06 00:48:28 CET.

Flavor Version Tinstall Tcheck Ttotal Status Flags
r-devel-linux-x86_64-debian-clang 0.1.2 2.66 37.69 40.35 NOTE
r-devel-linux-x86_64-debian-gcc 0.1.2 2.01 28.78 30.79 NOTE
r-devel-linux-x86_64-fedora-clang 0.1.2 50.58 NOTE
r-devel-linux-x86_64-fedora-gcc 0.1.2 39.59 NOTE
r-devel-windows-x86_64-new-UL 0.1.2 7.00 63.00 70.00 NOTE
r-devel-windows-x86_64-new-TK 0.1.2 NOTE
r-devel-windows-x86_64-old 0.1.2 4.00 34.00 38.00 NOTE
r-patched-linux-x86_64 0.1.2 2.78 28.79 31.57 NOTE
r-release-linux-x86_64 0.1.2 2.01 36.80 38.81 NOTE
r-release-macos-arm64 0.1.2 NOTE
r-release-macos-x86_64 0.1.2 NOTE
r-release-windows-ix86+x86_64 0.1.2 5.00 50.00 55.00 NOTE
r-oldrel-macos-x86_64 0.1.2 OK
r-oldrel-windows-ix86+x86_64 0.1.2 5.00 49.00 54.00 OK

Check Details

Version: 0.1.2
Check: LazyData
Result: NOTE
     'LazyData' is specified without a 'data' directory
Flavors: r-devel-linux-x86_64-debian-clang, r-devel-linux-x86_64-debian-gcc, r-devel-linux-x86_64-fedora-clang, r-devel-linux-x86_64-fedora-gcc, r-devel-windows-x86_64-new-UL, r-devel-windows-x86_64-new-TK, r-devel-windows-x86_64-old, r-patched-linux-x86_64, r-release-linux-x86_64, r-release-macos-arm64, r-release-macos-x86_64, r-release-windows-ix86+x86_64