CRAN Package Check Results for Package FixSeqMTP

Last updated on 2022-10-07 01:51:24 CEST.

Flavor Version Tinstall Tcheck Ttotal Status Flags
r-devel-linux-x86_64-debian-clang 0.1.2 2.49 32.95 35.44 NOTE
r-devel-linux-x86_64-debian-gcc 0.1.2 2.06 23.71 25.77 NOTE
r-devel-linux-x86_64-fedora-clang 0.1.2 55.21 NOTE
r-devel-linux-x86_64-fedora-gcc 0.1.2 52.83 NOTE
r-devel-windows-x86_64 0.1.2 24.00 60.00 84.00 NOTE
r-patched-linux-x86_64 0.1.2 2.50 30.29 32.79 NOTE
r-release-linux-x86_64 0.1.2 1.80 30.03 31.83 NOTE
r-release-macos-arm64 0.1.2 16.00 NOTE
r-release-macos-x86_64 0.1.2 24.00 NOTE
r-release-windows-x86_64 0.1.2 21.00 56.00 77.00 NOTE
r-oldrel-macos-arm64 0.1.2 18.00 NOTE
r-oldrel-macos-x86_64 0.1.2 29.00 NOTE
r-oldrel-windows-ix86+x86_64 0.1.2 5.00 55.00 60.00 NOTE

Check Details

Version: 0.1.2
Check: LazyData
Result: NOTE
     'LazyData' is specified without a 'data' directory
Flavors: r-devel-linux-x86_64-debian-clang, r-devel-linux-x86_64-debian-gcc, r-devel-linux-x86_64-fedora-clang, r-devel-linux-x86_64-fedora-gcc, r-devel-windows-x86_64, r-patched-linux-x86_64, r-release-linux-x86_64, r-release-macos-arm64, r-release-macos-x86_64, r-release-windows-x86_64, r-oldrel-macos-arm64, r-oldrel-macos-x86_64, r-oldrel-windows-ix86+x86_64