CRAN Package Check Results for Package FlickrAPI

Last updated on 2020-04-08 01:48:56 CEST.

Flavor Version Tinstall Tcheck Ttotal Status Flags
r-devel-linux-x86_64-debian-clang 0.1.0.0 2.78 27.97 30.75 NOTE
r-devel-linux-x86_64-debian-gcc 0.1.0.0 2.10 22.65 24.75 NOTE
r-devel-linux-x86_64-fedora-clang 0.1.0.0 37.40 NOTE
r-devel-linux-x86_64-fedora-gcc 0.1.0.0 39.08 NOTE
r-devel-windows-ix86+x86_64 0.1.0.0 6.00 40.00 46.00 NOTE
r-devel-windows-ix86+x86_64-gcc8 0.1.0.0 6.00 39.00 45.00 NOTE
r-patched-linux-x86_64 0.1.0.0 2.55 27.62 30.17 NOTE
r-patched-solaris-x86 0.1.0.0 67.60 NOTE
r-release-linux-x86_64 0.1.0.0 2.29 25.71 28.00 OK
r-release-windows-ix86+x86_64 0.1.0.0 5.00 55.00 60.00 OK
r-release-osx-x86_64 0.1.0.0 NOTE
r-oldrel-windows-ix86+x86_64 0.1.0.0 6.00 40.00 46.00 OK
r-oldrel-osx-x86_64 0.1.0.0 NOTE

Check Details

Version: 0.1.0.0
Check: package vignettes
Result: NOTE
    Package vignette with placeholder title 'Vignette Title':
     'introduction.Rmd'
Flavors: r-devel-linux-x86_64-debian-clang, r-devel-linux-x86_64-debian-gcc, r-devel-windows-ix86+x86_64, r-devel-windows-ix86+x86_64-gcc8, r-patched-linux-x86_64

Version: 0.1.0.0
Check: dependencies in R code
Result: NOTE
    Namespace in Imports field not imported from: ‘magrittr’
     All declared Imports should be used.
Flavors: r-devel-linux-x86_64-fedora-clang, r-devel-linux-x86_64-fedora-gcc, r-patched-solaris-x86, r-release-osx-x86_64, r-oldrel-osx-x86_64